{"id":6964,"date":"2019-05-02T17:41:18","date_gmt":"2019-05-02T17:41:18","guid":{"rendered":"http:\/\/www.encontrasorocaba.com.br\/sobre\/?p=6964"},"modified":"2019-05-15T19:34:39","modified_gmt":"2019-05-15T19:34:39","slug":"iguatemi-esplanada-sorocaba","status":"publish","type":"page","link":"https:\/\/www.encontrasorocaba.com.br\/sobre\/iguatemi-esplanada-sorocaba\/","title":{"rendered":"Iguatemi Esplanada Sorocaba"},"content":{"rendered":"<div class=\"bf54deaa11a4587a41abacdf5428af85\" data-index=\"1\" style=\"float: none; margin:0px;\">\n<!-- Anuncio display - global -->\r\n<ins class=\"adsbygoogle\"\r\n     style=\"display:block\"\r\n     data-ad-client=\"ca-pub-8585364105181520\"\r\n     data-ad-slot=\"8789329856\"\r\n     data-ad-format=\"auto\"\r\n     data-full-width-responsive=\"true\"><\/ins>\r\n<script>\r\n     (adsbygoogle = window.adsbygoogle || []).push({});\r\n<\/script>\n<\/div>\n<p>O shopping <strong>Iguatemi Esplanada Sorocaba<\/strong> \u00e9 o maior empreendimento de uso misto do Interior de S\u00e3o Paulo. Com um mix de lojas completo, o empreendimento conta com mais de 400 lojas e tamb\u00e9m com 10 salas de cinema da rede Cin\u00e9polis, incluindo 3 salas VIP.<\/p>\n<p>Al\u00e9m de importantes marcas do varejo nacional, oferece diversos servi\u00e7os para facilitar o dia a dia de seus clientes que buscam, cada vez mais, conforto e qualidade.<\/p>\n<p><img loading=\"lazy\" decoding=\"async\" class=\"alignnone wp-image-6965 size-full\" title=\"Iguatemi Esplanada Sorocaba\" src=\"http:\/\/www.encontrasorocaba.com.br\/sobre\/wp-content\/uploads\/iguatemi-sorocaba.gif\" alt=\"Iguatemi Esplanada Sorocaba\" width=\"680\" height=\"189\" \/><\/p>\n<h2>Iguatemi Esplanada\u00a0Sorocaba Cinema<\/h2>\n<p>A <a href=\"http:\/\/www.encontrasorocaba.com.br\/sobre\/cinepolis-sorocaba\/\">Cin\u00e9polis<\/a> \u00e9 a maior operadora de cinemas na Am\u00e9rica Latina e a segunda no mundo com opera\u00e7\u00e3o de mais de 5.400 salas em treze pa\u00edses. Desde sua chegada ao Brasil em 2010, \u00e9 a rede com maior crescimento no mercado. Para maiores informa\u00e7\u00f5es sobre a programa\u00e7\u00e3o do <em>cinema<\/em> entre no site abaixo e verifique quais os filmes est\u00e3o em cartaz.<\/p>\n<h3>Iguatemi Esplanada Sorocaba Lojas<\/h3>\n<p>O Iguatemi Esplanada conta com mais de 100 lojas de todos os seguimentos onde voc\u00ea encontrar\u00e1 tudo o que precisa al\u00e9m da pra\u00e7a de alimenta\u00e7\u00e3o complet\u00edssima.<\/p>\n<h3>Iguatemi Esplanada\u00a0Sorocaba\u00a0Servi\u00e7os<\/h3>\n<p>O\u00a0Shopping Iguatemi Esplanada oferece os seguintes <em>servi\u00e7os:<br \/>\n<\/em><\/p>\n<ul>\n<li><strong>Frald\u00e1rio:\u00a0<\/strong>Dois frald\u00e1rios equipados com poltronas para as mam\u00e3es, trocadores, pias e produtos destinados para a higiene das crian\u00e7as.<\/li>\n<li><strong>Wi-fi:\u00a0<\/strong>Servi\u00e7o gratuito dispon\u00edvel nos pontos identificados.<\/li>\n<li><strong>Valet:\u00a0<\/strong>Mais conforto e comodidade para os clientes.<\/li>\n<li><strong>Estacionamento:\u00a0<\/strong>O estacionamento do Iguatemi Esplanada conta com 4.200 vagas.<\/li>\n<li><strong>Cadeira de Rodas:<\/strong>\u00a0As cadeiras podem ser solicitadas na Ala Norte e Ala Sul.<\/li>\n<\/ul>\n<h3>Vagas\u00a0Iguatemi Esplanada Sorocaba &#8211; Trabalhe Conosco<\/h3>\n<p>Se voc\u00ea tem paix\u00e3o pelo que faz e garra para alcan\u00e7ar seus objetivos, junte-se ao time da\u00a0Iguatemi Esplanada Sorocaba.\u00a0 Para alcan\u00e7ar seu objetivo de neg\u00f3cios, a empresa procura os melhores talentos e profissionais que queiram crescer continuamente com a empresa. Voc\u00ea se encaixa neste perfil? Acesse o site da empresa e envie o seu <em>curr\u00edculo.<\/em><\/p>\n<h3>Hor\u00e1rio de Funcionamento\u00a0Iguatemi Esplanada\u00a0em Sorocaba<\/h3>\n<ul>\n<li>Diariamente das 10h \u00e0s 22h<\/li>\n<\/ul>\n<h3>Onde fica, Endere\u00e7o e Telefone\u00a0Iguatemi Esplanada em Sorocaba<\/h3>\n<ul>\n<li>Avenida Professora Izoraida Marques Peres, 401 &#8211; Parque Campolim &#8211; Sorocaba &#8211; SP<\/li>\n<li>Telefone: (15) 3219-9900<\/li>\n<\/ul>\n<h4>Outras informa\u00e7\u00f5es e site<\/h4>\n<ul>\n<li>Mais informa\u00e7\u00f5es:\u00a0<a href=\"https:\/\/iguatemi.com.br\/esplanada\/\" target=\"_blank\" rel=\"noopener noreferrer\">www.iguatemi.com.br\/esplanada<\/a><\/li>\n<\/ul>\n<h4>Mapa de localiza\u00e7\u00e3o<\/h4>\n<a class=\"wp-colorbox-iframe\" href=\"https:\/\/www.google.com\/maps\/embed?pb=!1m14!1m8!1m3!1d14631.764586301098!2d-47.4627507!3d-23.5346191!3m2!1i1024!2i768!4f13.1!3m3!1m2!1s0x00x633e66fa6229e510!2sIguatemi+Esplanada!5e0!3m2!1spt-BR!2sbr!4v1556818619140!5m2!1spt-BR!2sbr\"><img decoding=\"async\" src=\"http:\/\/www.encontrasorocaba.com.br\/imgs\/maps-post.png\"><\/a>\n\n<div style=\"font-size: 0px; height: 0px; line-height: 0px; margin: 0; padding: 0; clear: both;\"><\/div>","protected":false},"excerpt":{"rendered":"<p>O shopping Iguatemi Esplanada Sorocaba \u00e9 o maior empreendimento de uso misto do Interior de S\u00e3o Paulo. Com um mix de lojas completo, o empreendimento conta com mais de 400 lojas e tamb\u00e9m com 10 salas de cinema da rede Cin\u00e9polis, incluindo 3 salas VIP. Al\u00e9m de importantes marcas do varejo nacional, oferece diversos servi\u00e7os para facilitar o dia a dia de seus clientes que buscam, cada vez mais, conforto e qualidade. Iguatemi Esplanada\u00a0Sorocaba Cinema A Cin\u00e9polis \u00e9 a maior operadora de cinemas na Am\u00e9rica Latina e a segunda no mundo com opera\u00e7\u00e3o de mais de 5.400 salas em treze <\/p>\n","protected":false},"author":1,"featured_media":6965,"parent":0,"menu_order":0,"comment_status":"open","ping_status":"closed","template":"","meta":{"footnotes":""},"class_list":["post-6964","page","type-page","status-publish","has-post-thumbnail","hentry","has_thumb"],"_links":{"self":[{"href":"https:\/\/www.encontrasorocaba.com.br\/sobre\/wp-json\/wp\/v2\/pages\/6964","targetHints":{"allow":["GET"]}}],"collection":[{"href":"https:\/\/www.encontrasorocaba.com.br\/sobre\/wp-json\/wp\/v2\/pages"}],"about":[{"href":"https:\/\/www.encontrasorocaba.com.br\/sobre\/wp-json\/wp\/v2\/types\/page"}],"author":[{"embeddable":true,"href":"https:\/\/www.encontrasorocaba.com.br\/sobre\/wp-json\/wp\/v2\/users\/1"}],"replies":[{"embeddable":true,"href":"https:\/\/www.encontrasorocaba.com.br\/sobre\/wp-json\/wp\/v2\/comments?post=6964"}],"version-history":[{"count":0,"href":"https:\/\/www.encontrasorocaba.com.br\/sobre\/wp-json\/wp\/v2\/pages\/6964\/revisions"}],"wp:featuredmedia":[{"embeddable":true,"href":"https:\/\/www.encontrasorocaba.com.br\/sobre\/wp-json\/wp\/v2\/media\/6965"}],"wp:attachment":[{"href":"https:\/\/www.encontrasorocaba.com.br\/sobre\/wp-json\/wp\/v2\/media?parent=6964"}],"curies":[{"name":"wp","href":"https:\/\/api.w.org\/{rel}","templated":true}]}}