{"id":6898,"date":"2019-04-26T16:51:46","date_gmt":"2019-04-26T16:51:46","guid":{"rendered":"http:\/\/www.encontrasorocaba.com.br\/sobre\/?page_id=6898"},"modified":"2019-05-15T19:34:42","modified_gmt":"2019-05-15T19:34:42","slug":"secretaria-da-fazenda-sorocaba","status":"publish","type":"page","link":"https:\/\/www.encontrasorocaba.com.br\/sobre\/secretaria-da-fazenda-sorocaba\/","title":{"rendered":"Secretaria da Fazenda Sorocaba"},"content":{"rendered":"<div class=\"bf54deaa11a4587a41abacdf5428af85\" data-index=\"1\" style=\"float: none; margin:0px;\">\n<!-- Anuncio display - global -->\r\n<ins class=\"adsbygoogle\"\r\n     style=\"display:block\"\r\n     data-ad-client=\"ca-pub-8585364105181520\"\r\n     data-ad-slot=\"8789329856\"\r\n     data-ad-format=\"auto\"\r\n     data-full-width-responsive=\"true\"><\/ins>\r\n<script>\r\n     (adsbygoogle = window.adsbygoogle || []).push({});\r\n<\/script>\n<\/div>\n<p>A <strong>Secretaria da Fazenda\u00a0Sorocaba<\/strong> \u00e9 respons\u00e1vel pela arrecada\u00e7\u00e3o dos tributos estaduais, entre eles o ICMS, IPVA e o ITCMD, pela gest\u00e3o financeira e controle da execu\u00e7\u00e3o or\u00e7ament\u00e1ria da administra\u00e7\u00e3o estadual.<\/p>\n<p>Alinhada aos mais modernos conceitos e pr\u00e1ticas de gest\u00e3o p\u00fablica, busca permanentemente o aprimoramento da presta\u00e7\u00e3o de servi\u00e7os de qualidade ao cidad\u00e3o, seja de forma presencial ou oferecendo tecnologias de ponta em sistemas eletr\u00f4nicos e servi\u00e7os digitais online.<\/p>\n<p>&nbsp;<\/p>\n<p><img loading=\"lazy\" decoding=\"async\" class=\"alignnone wp-image-6899 size-full\" title=\"Secretaria da Fazenda Sorocaba\" src=\"http:\/\/www.encontrasorocaba.com.br\/sobre\/wp-content\/uploads\/secretaria-da-fazenda-sorocaba.gif\" alt=\"Secretaria da Fazenda Sorocaba\" width=\"680\" height=\"189\" \/><\/p>\n<p>Al\u00e9m de utilizar m\u00e9todos e processos avan\u00e7ados para promover efic\u00e1cia e efici\u00eancia de suas a\u00e7\u00f5es, a Secretaria sistematicamente tamb\u00e9m disponibiliza \u00e0 sociedade extensa gama de informa\u00e7\u00f5es para garantir a transpar\u00eancia p\u00fablica; desenvolve periodicamente a\u00e7\u00f5es de combate \u00e0 sonega\u00e7\u00e3o, fraude e inadimpl\u00eancia; e ainda estimula a cidadania e o despertar da consci\u00eancia tribut\u00e1ria do cidad\u00e3o paulista.<\/p>\n<p>A estrutura b\u00e1sica da Secretaria da Fazenda e Planejamento, bem como suas atribui\u00e7\u00f5es e compet\u00eancias, est\u00e1 regulamentada no Decreto n.\u00ba 60.812, de 30 de setembro de 2014, o qual determina sua responsabilidade pol\u00edtico-administrativa nas \u00e1reas tribut\u00e1ria, financeira e de controle interno do Governo do Estado de S\u00e3o Paulo.<\/p>\n<p>Entre as atribui\u00e7\u00f5es e compet\u00eancias, cabe \u00e0 Secretaria definir e estabelecer a pol\u00edtica e administra\u00e7\u00e3o tribut\u00e1ria e financeira; o controle interno do Poder Executivo; a gest\u00e3o de compras e servi\u00e7os do Estado; a execu\u00e7\u00e3o or\u00e7ament\u00e1ria; a administra\u00e7\u00e3o da \u00e1rea previdenci\u00e1ria e de fomento do Estado.<\/p>\n<p>A Secretaria da Fazenda e Planejamento de S\u00e3o Paulo, respons\u00e1vel pela maior arrecada\u00e7\u00e3o de ICMS entre os estados brasileiros, mant\u00e9m sua sede na capital e atua em todo o territ\u00f3rio paulista, por meio de 18 unidades regionais tribut\u00e1rias, dezenas de postos fiscais, al\u00e9m de unidades administrativas e de atendimento que contemplam os 645 munic\u00edpios do Estado.<\/p>\n<h2>Secretaria da Fazenda\u00a0Sorocaba IPTU<\/h2>\n<p>O <em><a href=\"http:\/\/www.encontrasorocaba.com.br\/sobre\/iptu-sorocaba\/\">IPTU<\/a> <\/em>\u00e9 um imposto composto pelo o Imposto Predial e o Imposto Territorial Urbano. O Imposto Predial \u00e9 cobrado sobre im\u00f3veis constru\u00eddos (parte do terreno que pode ser habitada ou utilizada para exerc\u00edcio de atividades), enquanto o Imposto Territorial Urbano \u00e9 cobrado sobre terrenos n\u00e3o edificados (excesso de \u00e1rea, terrenos com obra paralisada, edifica\u00e7\u00e3o condenada, em ru\u00edna, constru\u00e7\u00f5es inadequadas ou tempor\u00e1rias). Em regra, a al\u00edquota do Imposto Predial \u00e9 inferior \u00e0 do Imposto Territorial, com fim de estimular a utiliza\u00e7\u00e3o efetiva do terreno.<\/p>\n<h3>Secretaria da Fazenda\u00a0Sorocaba IPVA<\/h3>\n<p>O Imposto sobre Propriedades de Ve\u00edculos Automotores &#8211;\u00a0<em>IPVA &#8211;<\/em>\u00a0\u00e9 um imposto anual pago pelos propriet\u00e1rios ou possuidores de ve\u00edculos. O valor do IPVA \u00e9 calculado com base no valor do ve\u00edculo e sua quita\u00e7\u00e3o \u00e9 um requisito para o licenciamento.<\/p>\n<p>O IPVA pode ser pago na rede banc\u00e1ria autorizada ou nas casas lot\u00e9ricas, utilizando o c\u00f3digo RENAVAM constante no Certificado de Registro e Licenciamento de Ve\u00edculos &#8211; CRLV.<\/p>\n<h3>Secretaria da Fazenda\u00a0Sorocaba Agendamento<\/h3>\n<p>O sistema de <em>agendamento<\/em> eletr\u00f4nico de servi\u00e7os est\u00e1 dispon\u00edvel para os moradores de Sorocaba e regi\u00e3o escolherem o dia e hor\u00e1rio dispon\u00edveis para atendimento no posto fiscal.\u00a0Com o objetivo de facilitar e agilizar o processo de recep\u00e7\u00e3o das demandas dos contribuintes que procuram o atendimento presencial, o usu\u00e1rio poder\u00e1 se programar para ir at\u00e9 a unidade. Basta acessar o site com o CPF, cadastrar uma senha e agendar at\u00e9 dois hor\u00e1rios por dia, limitado a tr\u00eas servi\u00e7os por atendimento.<\/p>\n<h3>Hor\u00e1rio de Funcionamento\u00a0Secretaria da Fazenda em Sorocaba<\/h3>\n<ul>\n<li>Segunda a Sexta das 09h \u00e0s 16h30<\/li>\n<\/ul>\n<h3>Onde fica, Endere\u00e7o e Telefone\u00a0Secretaria da Fazenda em Sorocaba<\/h3>\n<ul>\n<li>Av. Adolpho Massaglia, 350 &#8211; Vossoroca &#8211; Sorocaba &#8211; SP<\/li>\n<li>Telefone: (15) 3224-9800<\/li>\n<\/ul>\n<h4>Outras informa\u00e7\u00f5es e site<\/h4>\n<ul>\n<li>Mais informa\u00e7\u00f5es:\u00a0<a href=\"https:\/\/portal.fazenda.sp.gov.br\/Paginas\/default.aspx\" target=\"_blank\" rel=\"noopener noreferrer\">www.portal.fazenda.sp.gov.br<\/a><\/li>\n<\/ul>\n<h4>Mapa de localiza\u00e7\u00e3o<\/h4>\n<a class=\"wp-colorbox-iframe\" href=\"https:\/\/www.google.com\/maps\/embed?pb=!1m14!1m8!1m3!1d14630.45927102027!2d-47.4708001!3d-23.5463524!3m2!1i1024!2i768!4f13.1!3m3!1m2!1s0x00xe8e1f4568305d225!2sSecretaria+da+Fazenda+-+Delegacia+Regional+de+Sorocaba!5e0!3m2!1spt-BR!2sbr!4v1556297248347!5m2!1spt-BR!2sbr\"><img decoding=\"async\" src=\"http:\/\/www.encontrasorocaba.com.br\/imgs\/maps-post.png\"><\/a>\n\n<div style=\"font-size: 0px; height: 0px; line-height: 0px; margin: 0; padding: 0; clear: both;\"><\/div>","protected":false},"excerpt":{"rendered":"<p>A Secretaria da Fazenda\u00a0Sorocaba \u00e9 respons\u00e1vel pela arrecada\u00e7\u00e3o dos tributos estaduais, entre eles o ICMS, IPVA e o ITCMD, pela gest\u00e3o financeira e controle da execu\u00e7\u00e3o or\u00e7ament\u00e1ria da administra\u00e7\u00e3o estadual. Alinhada aos mais modernos conceitos e pr\u00e1ticas de gest\u00e3o p\u00fablica, busca permanentemente o aprimoramento da presta\u00e7\u00e3o de servi\u00e7os de qualidade ao cidad\u00e3o, seja de forma presencial ou oferecendo tecnologias de ponta em sistemas eletr\u00f4nicos e servi\u00e7os digitais online. &nbsp; Al\u00e9m de utilizar m\u00e9todos e processos avan\u00e7ados para promover efic\u00e1cia e efici\u00eancia de suas a\u00e7\u00f5es, a Secretaria sistematicamente tamb\u00e9m disponibiliza \u00e0 sociedade extensa gama de informa\u00e7\u00f5es para garantir a transpar\u00eancia p\u00fablica; <\/p>\n","protected":false},"author":1,"featured_media":0,"parent":0,"menu_order":0,"comment_status":"closed","ping_status":"closed","template":"","meta":{"footnotes":""},"class_list":["post-6898","page","type-page","status-publish","hentry"],"_links":{"self":[{"href":"https:\/\/www.encontrasorocaba.com.br\/sobre\/wp-json\/wp\/v2\/pages\/6898","targetHints":{"allow":["GET"]}}],"collection":[{"href":"https:\/\/www.encontrasorocaba.com.br\/sobre\/wp-json\/wp\/v2\/pages"}],"about":[{"href":"https:\/\/www.encontrasorocaba.com.br\/sobre\/wp-json\/wp\/v2\/types\/page"}],"author":[{"embeddable":true,"href":"https:\/\/www.encontrasorocaba.com.br\/sobre\/wp-json\/wp\/v2\/users\/1"}],"replies":[{"embeddable":true,"href":"https:\/\/www.encontrasorocaba.com.br\/sobre\/wp-json\/wp\/v2\/comments?post=6898"}],"version-history":[{"count":0,"href":"https:\/\/www.encontrasorocaba.com.br\/sobre\/wp-json\/wp\/v2\/pages\/6898\/revisions"}],"wp:attachment":[{"href":"https:\/\/www.encontrasorocaba.com.br\/sobre\/wp-json\/wp\/v2\/media?parent=6898"}],"curies":[{"name":"wp","href":"https:\/\/api.w.org\/{rel}","templated":true}]}}