{"id":6697,"date":"2019-03-22T08:06:28","date_gmt":"2019-03-22T08:06:28","guid":{"rendered":"http:\/\/www.encontrasorocaba.com.br\/sobre\/?page_id=6697"},"modified":"2019-05-15T19:34:41","modified_gmt":"2019-05-15T19:34:41","slug":"populacao-sorocaba","status":"publish","type":"page","link":"https:\/\/www.encontrasorocaba.com.br\/sobre\/populacao-sorocaba\/","title":{"rendered":"Popula\u00e7\u00e3o Sorocaba"},"content":{"rendered":"<div class=\"bf54deaa11a4587a41abacdf5428af85\" data-index=\"1\" style=\"float: none; margin:0px;\">\n<!-- Anuncio display - global -->\r\n<ins class=\"adsbygoogle\"\r\n     style=\"display:block\"\r\n     data-ad-client=\"ca-pub-8585364105181520\"\r\n     data-ad-slot=\"8789329856\"\r\n     data-ad-format=\"auto\"\r\n     data-full-width-responsive=\"true\"><\/ins>\r\n<script>\r\n     (adsbygoogle = window.adsbygoogle || []).push({});\r\n<\/script>\n<\/div>\n<p>Sorocaba \u00e9 um munic\u00edpio brasileiro da Regi\u00e3o Metropolitana de Sorocaba, da Mesorregi\u00e3o Macro Metropolitana Paulista e da Microrregi\u00e3o de Sorocaba, no interior do estado de S\u00e3o Paulo.<\/p>\n<p>A <strong>Popula\u00e7\u00e3o de Sorocaba<\/strong> \u00e9 a quarta maior do interior de S\u00e3o Paulo e a mais populosa da regi\u00e3o sul paulista, com uma popula\u00e7\u00e3o de 671 186 habitantes, estimada pelo IBGE para 1 de julho de 2018, sendo, portanto, uma capital regional.<\/p>\n<p><img loading=\"lazy\" decoding=\"async\" class=\"alignnone wp-image-6698 size-full\" title=\"Popula\u00e7\u00e3o Sorocaba\" src=\"http:\/\/www.encontrasorocaba.com.br\/sobre\/wp-content\/uploads\/popula\u00e7\u00e3o-de-sorocaba.gif\" alt=\"Popula\u00e7\u00e3o Sorocaba\" width=\"680\" height=\"189\" \/><\/p>\n<p>Possui uma \u00e1rea de 450,38 km\u00b2. O munic\u00edpio est\u00e1 integrado \u2014 junto com a Grande S\u00e3o Paulo, a Regi\u00e3o Metropolitana de Campinas e a Baixada Santista \u2014 ao Complexo Metropolitano Expandido, uma megal\u00f3pole que ultrapassa os 30 milh\u00f5es de habitantes e que \u00e9 a primeira aglomera\u00e7\u00e3o urbana do tipo no hemisf\u00e9rio sul.\u00a0A Regi\u00e3o Metropolitana de Sorocaba \u00e9 composta por 26 munic\u00edpios que somam aproximadamente 2,06 milh\u00f5es de habitantes, sendo a quarta maior do estado, depois da Regi\u00e3o Metropolitana de S\u00e3o Paulo, da Regi\u00e3o Metropolitana de Campinas e da Regi\u00e3o Metropolitana do Vale do Para\u00edba e Litoral Norte.<\/p>\n<p>A cidade \u00e9 um importante polo industrial do estado de S\u00e3o Paulo e do Brasil, sendo que sua produ\u00e7\u00e3o industrial chega a mais de 120 pa\u00edses, atingindo um PIB acima dos R$ 32 bilh\u00f5es, o d\u00e9cimo nono maior do pa\u00eds, a frente de capitais como S\u00e3o Lu\u00eds, Bel\u00e9m, Vit\u00f3ria, Natal e Florian\u00f3polis. As principais bases de sua economia s\u00e3o os setores de ind\u00fastria, com\u00e9rcio e servi\u00e7os, com mais 22 mil empresas instaladas, sendo mais de duas mil delas ind\u00fastrias<\/p>\n<h2>Popula\u00e7\u00e3o de Sorocaba<\/h2>\n<p>A popula\u00e7\u00e3o de Sorocaba estimada pelo IBGE para 1 de julho de 2018 era de 671 186 habitantes.[6] A densidade demogr\u00e1fica era de 1 431,94 hab.\/km\u00b2 (a densidade aferida no Censo de 2010 era de 1.304,18). Em rela\u00e7\u00e3o a 2010, houve um crescimento populacional de cerca de 10%. Em 2010, as mulheres eram maioria, com 51,1% do total. Em n\u00fameros absolutos, eram 299.611 mulheres e 287.014 homens. Havia em 2010, ampla predomin\u00e2ncia urbana da popula\u00e7\u00e3o em Sorocaba, com apenas 1% da popula\u00e7\u00e3o (5.970 moradores) vivendo na zona rural, contra 580.655 na zona urbana.<\/p>\n<p>Dentre as maiores cidades do Brasil (em popula\u00e7\u00e3o), Sorocaba est\u00e1 em trig\u00e9simo segundo lugar. J\u00e1 dentre as maiores cidades de S\u00e3o Paulo (em popula\u00e7\u00e3o), Sorocaba est\u00e1 em nono lugar. Atualmente, ainda no quesito popula\u00e7\u00e3o, Sorocaba \u00e9 maior que nove capitais estaduais.<\/p>\n<h3>Popula\u00e7\u00e3o de Sorocaba Religi\u00e3o<\/h3>\n<p>Os maiores grupos religiosos do munic\u00edpios s\u00e3o: cat\u00f3licos (56,45%), protestantes (27,77%), sem religi\u00e3o (7,42%), |esp\u00edritas (3,38%), ateus (0,28%), budistas (0,25%), umbandistas (0,14%) e judeus (0,02%).<\/p>\n<p>A cidade \u00e9 sede da Arquidiocese de Sorocaba, criada em 4 de julho de 1924. \u00c9 respons\u00e1vel pelas par\u00f3quias dos munic\u00edpios de Sorocaba, Ara\u00e7oiaba da Serra, Boituva, Cerquilho, Iper\u00f3, Jumirim, Piedade, Porto Feliz, Salto de Pirapora, Tapira\u00ed, Tiet\u00ea e Votorantim. Tem Nossa Senhora da Ponte como padroeira. \u00c9 a Arquidiocese Metropolitana da Regi\u00e3o Sul 1. Desde 2016, Dom J\u00falio Endi Akamine \u00e9 o Arcebispo Metropolitano de Sorocaba. A Catedral Metropolitana de Sorocaba tem hist\u00f3ria de mais de dois s\u00e9culos. Situa-se na Pra\u00e7a Cel. Fernando Prestes, no centro da cidade. \u00c9 tamb\u00e9m sede da Arquidiocese de Sorocaba.<\/p>\n<p>A Igreja Presbiteriana de Sorocaba \u00e9 a mais antiga igreja protestante da cidade, \u00e9 a sexta igreja presbiteriana do Brasil e a quarta igreja presbiteriana de S\u00e3o Paulo. Foi organizada por mission\u00e1rios norte-americanos no final do Imp\u00e9rio em 1 de setembro de 1869.<\/p>\n<h3>Popula\u00e7\u00e3o de Sorocaba Composi\u00e7\u00e3o \u00c9tnica e Imigra\u00e7\u00e3o<\/h3>\n<p>O munic\u00edpio de Sorocaba \u00e9 etnicamente diverso. De acordo com o Censo Demogr\u00e1fico 2010 do IBGE, a popula\u00e7\u00e3o da cidade era composta por brancos (74,45%), pardos (20,26%), pretos (4,06%), amarelos (1,12%) e ind\u00edgenas (0,10%).<\/p>\n<p>A maior col\u00f4nia estrangeira de Sorocaba \u00e9 a espanhola. A numerosa e importante col\u00f4nia espanhola de Sorocaba \u00e9 tamb\u00e9m considerada a maior col\u00f4nia espanhola do Brasil, sendo composta por 25 mil cidad\u00e3os espanh\u00f3is e mais de 200 mil hispano descendentes, em sua maioria andaluzes. Os espanh\u00f3is come\u00e7aram a chegar em massa a Sorocaba por volta de 1885. A primeira presen\u00e7a documentada \u00e9 de Ant\u00f3nio Rodriguez, que chegou nesse ano, empregando-se na fazenda do Coronel Jos\u00e9 Prestes de Barros; terras que mais tarde iriam dar origem ao bairro do Al\u00e9m Ponte. Com o passar do tempo a col\u00f4nia se tornou bastante expressiva superando a de portugueses. Entre as fam\u00edlias aristocratas espanholas que chegaram \u00e0 cidade, est\u00e3o a fam\u00edlia Ramires (Ramirez), de Andaluzia; Corbal\u00e1n de Arag\u00e3o e Martinez, de Almeria. Os bairros sorocabanos de Vila Hort\u00eancia e Barcelona foram formados pela comunidade espanhola. Sua influ\u00eancia tamb\u00e9m \u00e9 not\u00f3ria no esporte local, atrav\u00e9s do Clube Atl\u00e9tico Barcelona; na economia, com diversas empresas e com\u00e9rcios da cidade sendo fundados e mantidos por fam\u00edlias de origem espanhola e na pol\u00edtica, com a presen\u00e7a de muitos pol\u00edticos de origem espanhola.<\/p>\n<p>Outra col\u00f4nia bastante expressiva da regi\u00e3o de Sorocaba, com cerca de 25 mil membros, \u00e9 a de portugueses, principalmente em S\u00e3o Roque, que recebeu a alcunha de Sintra brasileira e abriga diversos restaurantes de culin\u00e1ria portuguesa. Em Sorocaba, a comunidade portuguesa \u00e9 respons\u00e1vel pela Sociedade Beneficente e Recreativa Vasco da Gama, criada em 1898.<\/p>\n<p>Foi tamb\u00e9m significativa a chegada a Sorocaba de imigrantes italianos a partir de 1885, para trabalhar principalmente nas lavouras de caf\u00e9, na ind\u00fastria t\u00eaxtil, que se instalara na cidade por volta de 1880 e no setor de servi\u00e7os. A col\u00f4nia japonesa tamb\u00e9m teve forte influ\u00eancia na sociedade sorocabana.<\/p>\n<h3>Popula\u00e7\u00e3o de Sorocaba Regi\u00e3o Metropolitana<\/h3>\n<p>Foi apresentado no dia 8 de outubro de 2005 na Assembleia Legislativa de S\u00e3o Paulo o o Projeto de Lei Complementar n\u00ba 33\/2005 com o prop\u00f3sito de cria\u00e7\u00e3o da Regi\u00e3o Metropolitana de Sorocaba (RMS) e o Conselho de Desenvolvimento da Regi\u00e3o Metropolitana de Sorocaba. At\u00e9 ent\u00e3o, o referido projeto tramitava em regime de urg\u00eancia quando o governo paulista assinou no dia 23 de dezembro de 2013 a mensagem de um projeto de lei com o mesmo prop\u00f3sito. O Projeto de Lei Complementar 01\/2004 foi aprovado com unanimidade no dia 8 de abril de 2014 e foi sancionado pelo Governador em 9 de maio de 2014.<\/p>\n<p>A RMS conta com 9.382,631 quil\u00f4metros quadrados. Com rela\u00e7\u00e3o \u00e0 popula\u00e7\u00e3o, de acordo com dados do Censo do Instituto Brasileiro de Geografia e Estat\u00edsticas (IBGE) de 2010, a Regi\u00e3o Metropolitana de Sorocaba soma aproximadamente 1.900.000 pessoas. A regi\u00e3o inclui 26 munic\u00edpios que juntos t\u00eam Produto Interno Bruto (PIB) de R$ 48,3 bilh\u00f5es, 3,5% do PIB estadual.<\/p>\n\n<div style=\"font-size: 0px; height: 0px; line-height: 0px; margin: 0; padding: 0; clear: both;\"><\/div>","protected":false},"excerpt":{"rendered":"<p>Sorocaba \u00e9 um munic\u00edpio brasileiro da Regi\u00e3o Metropolitana de Sorocaba, da Mesorregi\u00e3o Macro Metropolitana Paulista e da Microrregi\u00e3o de Sorocaba, no interior do estado de S\u00e3o Paulo. A Popula\u00e7\u00e3o de Sorocaba \u00e9 a quarta maior do interior de S\u00e3o Paulo e a mais populosa da regi\u00e3o sul paulista, com uma popula\u00e7\u00e3o de 671 186 habitantes, estimada pelo IBGE para 1 de julho de 2018, sendo, portanto, uma capital regional. Possui uma \u00e1rea de 450,38 km\u00b2. O munic\u00edpio est\u00e1 integrado \u2014 junto com a Grande S\u00e3o Paulo, a Regi\u00e3o Metropolitana de Campinas e a Baixada Santista \u2014 ao Complexo Metropolitano Expandido, <\/p>\n","protected":false},"author":1,"featured_media":0,"parent":0,"menu_order":0,"comment_status":"closed","ping_status":"closed","template":"","meta":{"footnotes":""},"class_list":["post-6697","page","type-page","status-publish","hentry"],"_links":{"self":[{"href":"https:\/\/www.encontrasorocaba.com.br\/sobre\/wp-json\/wp\/v2\/pages\/6697","targetHints":{"allow":["GET"]}}],"collection":[{"href":"https:\/\/www.encontrasorocaba.com.br\/sobre\/wp-json\/wp\/v2\/pages"}],"about":[{"href":"https:\/\/www.encontrasorocaba.com.br\/sobre\/wp-json\/wp\/v2\/types\/page"}],"author":[{"embeddable":true,"href":"https:\/\/www.encontrasorocaba.com.br\/sobre\/wp-json\/wp\/v2\/users\/1"}],"replies":[{"embeddable":true,"href":"https:\/\/www.encontrasorocaba.com.br\/sobre\/wp-json\/wp\/v2\/comments?post=6697"}],"version-history":[{"count":0,"href":"https:\/\/www.encontrasorocaba.com.br\/sobre\/wp-json\/wp\/v2\/pages\/6697\/revisions"}],"wp:attachment":[{"href":"https:\/\/www.encontrasorocaba.com.br\/sobre\/wp-json\/wp\/v2\/media?parent=6697"}],"curies":[{"name":"wp","href":"https:\/\/api.w.org\/{rel}","templated":true}]}}