{"id":6694,"date":"2019-03-22T07:50:16","date_gmt":"2019-03-22T07:50:16","guid":{"rendered":"http:\/\/www.encontrasorocaba.com.br\/sobre\/?page_id=6694"},"modified":"2019-05-15T19:34:42","modified_gmt":"2019-05-15T19:34:42","slug":"secretaria-da-educacao-sorocaba","status":"publish","type":"page","link":"https:\/\/www.encontrasorocaba.com.br\/sobre\/secretaria-da-educacao-sorocaba\/","title":{"rendered":"Secretaria da Educa\u00e7\u00e3o Sorocaba"},"content":{"rendered":"<div class=\"bf54deaa11a4587a41abacdf5428af85\" data-index=\"1\" style=\"float: none; margin:0px;\">\n<!-- Anuncio display - global -->\r\n<ins class=\"adsbygoogle\"\r\n     style=\"display:block\"\r\n     data-ad-client=\"ca-pub-8585364105181520\"\r\n     data-ad-slot=\"8789329856\"\r\n     data-ad-format=\"auto\"\r\n     data-full-width-responsive=\"true\"><\/ins>\r\n<script>\r\n     (adsbygoogle = window.adsbygoogle || []).push({});\r\n<\/script>\n<\/div>\n<p>A<strong>\u00a0Secretaria da Educa\u00e7\u00e3o Sorocaba<\/strong>\u00a0\u2013 Secretaria Municipal de Educa\u00e7\u00e3o e Esporte \u00e9 o \u00f3rg\u00e3o integrante do Sistema Administrativo da Prefeitura Municipal de\u00a0Sorocaba que tem por finalidade promover a execu\u00e7\u00e3o das pol\u00edticas p\u00fablicas de Educa\u00e7\u00e3o e Esporte e gest\u00e3o de recursos em conson\u00e2ncia com as diretrizes e normas nacionais, estaduais e municipais.<\/p>\n<p>A SME pauta-se em uma gest\u00e3o democr\u00e1tica e participativa, com o objetivo de proporcionar a inclus\u00e3o social, observando as normas gerais e princ\u00edpios da administra\u00e7\u00e3o p\u00fablica.<\/p>\n<p><img loading=\"lazy\" decoding=\"async\" class=\"alignnone wp-image-6695 size-full\" title=\"Secretaria da Educa\u00e7\u00e3o Sorocaba\" src=\"http:\/\/www.encontrasorocaba.com.br\/sobre\/wp-content\/uploads\/secretaria-da-educa\u00e7\u00e3o-sorocaba.gif\" alt=\"Secretaria da Educa\u00e7\u00e3o Sorocaba\" width=\"680\" height=\"189\" \/><\/p>\n<p>A SME tem como miss\u00e3o ser um agente de transforma\u00e7\u00e3o e aprendizagem na vida das crian\u00e7as, adolescentes, adultos e idosos da Capital, de forma a assegurar educa\u00e7\u00e3o e esporte de qualidade.<\/p>\n<h3>Secretaria Municipal da Educa\u00e7\u00e3o\u00a0Convoca\u00e7\u00e3o de Professores<\/h3>\n<p>Fique atento ao site da Secretaria da Educa\u00e7\u00e3o e veja a lista de convoca\u00e7\u00e3o de professores para o ano corrente.<\/p>\n<h3>SME Sorocaba Boletim on Line<\/h3>\n<p>Para acessar o <em>Boletim Online<\/em> do seu filho voc\u00ea precisa do RA ou RM do mesmo. Clique abaixo no bot\u00e3o indicado. Ao clicar voc\u00ea ser\u00e1 redirecionado \u00e0 p\u00e1gina do Sistema.<\/p>\n<h3>Secretaria Municipal da Educa\u00e7\u00e3o\u00a0Sorocaba Professor Eventual<\/h3>\n<p>Voc\u00ea pode fazer a inscri\u00e7\u00e3o para Professor Eventual durante todo o ano e ainda pode acompanhar se surgiu a vaga pelo site ou pelo telefone. \u00c9 necess\u00e1rio o Formul\u00e1rio de Solicita\u00e7\u00e3o de Inscri\u00e7\u00e3o Municipal de Professor(a) Eventual devidamente preenchido e assinado pelo(a) professor(a) e ainda dever\u00e1 conter a assinatura e carimbo do(a) Diretor(a) Escolar.<\/p>\n<h3>SME\u00a0Sorocaba Concursos<\/h3>\n<p>A Secretaria Municipal da Educa\u00e7\u00e3o contrata funcion\u00e1rios atrav\u00e9s de concurso p\u00fablico. Para n\u00e3o perder essa oportunidade fique atento ao site da SME abaixo e ao di\u00e1rio oficial da regi\u00e3o e fique atento ao edital e \u00e0s datas de inscri\u00e7\u00e3o e provas.<\/p>\n<h3>Hor\u00e1rio de Funcionamento Secretaria Municipal da Educa\u00e7\u00e3o em\u00a0Sorocaba<\/h3>\n<ul>\n<li>Segunda a Sexta: das 08h \u00e0s 17h<\/li>\n<\/ul>\n<h3>Endere\u00e7o e Telefone Secretaria Municipal da Educa\u00e7\u00e3o em\u00a0Sorocaba<\/h3>\n<ul>\n<li><strong>Centro:<\/strong> Av. Dr. Eug\u00eanio Salerno, 204 &#8211; Telefone: (15) 3221-2886<\/li>\n<li><strong>Jardim Wanel Vile:<\/strong> Rua Nelson Juliano, s\/n &#8211; Telefone: (15) 3217-8832<\/li>\n<li><strong>Jardim Pagliato:<\/strong> Rua Manoel Gomes dos Santos Neto, 45 &#8211; Telefone: (15) 3202-4051<\/li>\n<li><strong>Jardim Prestes de Barros:<\/strong> Rua Joaquim Scherpel, 215 &#8211; Telefone: (15) 3227-1975<\/li>\n<li><strong>Jardim Zulmira:<\/strong> Rua HUmberto de Campos, 601 &#8211; Telefone: (15) 3222-2137<\/li>\n<li><strong>Vila Haro:<\/strong> Rua Dr. Emilio Ribas, 266 &#8211; Telefone: (15) 3227-1415<\/li>\n<li><strong>Vila Fiori:<\/strong> Rua Paes de Linhares, 1189 &#8211; Telefone: (15) 3231-9004<\/li>\n<li><strong>Jd S\u00e3o Guilherme:<\/strong> Rua Aristides de Barros, 150 &#8211; Telefone: (15) 3239-2393<\/li>\n<li><strong>Jd S\u00e3o Conrado:<\/strong> Rua Artur Cagliari, 1205 &#8211; Telefone: (15) 3226-1110<\/li>\n<li><strong>Jd Europa:<\/strong> Av. Am\u00e9rico de Carvalho, 579 &#8211; Telefone: (15) 3221-3662<\/li>\n<li><strong>Jd Jardini:<\/strong> Rua Visconde do Rio Branco, 1087 &#8211; Telefone: (15) 3221-3658<\/li>\n<li><strong>Vila Carvalho:<\/strong> Rua Dr. Fernando Costa, 70 &#8211; Telefone: (15) 3231-5182<\/li>\n<li><strong>Vila Angelica:<\/strong> Rua Dolores Bruno, 432 &#8211; Telefone: (15) 3213-8734<\/li>\n<li><strong>Jd Itangua:<\/strong> Rua Arlinda Almeida dos Santos, 414 &#8211; Telefone: (15) 3221-0661<\/li>\n<li><strong>Vila Lucy:<\/strong> Rua Nohnh\u00f4 Pires, 17 &#8211; Telefone: (15) 3221-5559<\/li>\n<\/ul>\n<h4>Outras informa\u00e7\u00f5es e site<\/h4>\n<ul>\n<li>Mais informa\u00e7\u00f5es:\u00a0<a href=\"http:\/\/educacao.sorocaba.sp.gov.br\/\" target=\"_blank\" rel=\"noopener noreferrer\">www.educacao.sorocaba.sp.gov.br<\/a><\/li>\n<\/ul>\n<h4>Mapa de localiza\u00e7\u00e3o Centro<\/h4>\n<a class=\"wp-colorbox-iframe\" href=\"https:\/\/www.google.com\/maps\/embed?pb=!1m18!1m12!1m3!1d3658.8888247435807!2d-47.47042148502333!3d-23.500513584713108!2m3!1f0!2f0!3f0!3m2!1i1024!2i768!4f13.1!3m3!1m2!1s0x94c58ab8a3f2fb9d0xe86e558103d483fd!2sAv.+Dr.+Eugnio+Salerno+204+-+Centro+Sorocaba+-+SP+18035-430!5e0!3m2!1spt-BR!2sbr!4v1553240700270\"><img decoding=\"async\" src=\"http:\/\/www.encontrasorocaba.com.br\/imgs\/maps-post.png\"><\/a>\n\n<div style=\"font-size: 0px; height: 0px; line-height: 0px; margin: 0; padding: 0; clear: both;\"><\/div>","protected":false},"excerpt":{"rendered":"<p>A\u00a0Secretaria da Educa\u00e7\u00e3o Sorocaba\u00a0\u2013 Secretaria Municipal de Educa\u00e7\u00e3o e Esporte \u00e9 o \u00f3rg\u00e3o integrante do Sistema Administrativo da Prefeitura Municipal de\u00a0Sorocaba que tem por finalidade promover a execu\u00e7\u00e3o das pol\u00edticas p\u00fablicas de Educa\u00e7\u00e3o e Esporte e gest\u00e3o de recursos em conson\u00e2ncia com as diretrizes e normas nacionais, estaduais e municipais. A SME pauta-se em uma gest\u00e3o democr\u00e1tica e participativa, com o objetivo de proporcionar a inclus\u00e3o social, observando as normas gerais e princ\u00edpios da administra\u00e7\u00e3o p\u00fablica. A SME tem como miss\u00e3o ser um agente de transforma\u00e7\u00e3o e aprendizagem na vida das crian\u00e7as, adolescentes, adultos e idosos da Capital, de forma <\/p>\n","protected":false},"author":1,"featured_media":0,"parent":0,"menu_order":0,"comment_status":"closed","ping_status":"closed","template":"","meta":{"footnotes":""},"class_list":["post-6694","page","type-page","status-publish","hentry"],"_links":{"self":[{"href":"https:\/\/www.encontrasorocaba.com.br\/sobre\/wp-json\/wp\/v2\/pages\/6694","targetHints":{"allow":["GET"]}}],"collection":[{"href":"https:\/\/www.encontrasorocaba.com.br\/sobre\/wp-json\/wp\/v2\/pages"}],"about":[{"href":"https:\/\/www.encontrasorocaba.com.br\/sobre\/wp-json\/wp\/v2\/types\/page"}],"author":[{"embeddable":true,"href":"https:\/\/www.encontrasorocaba.com.br\/sobre\/wp-json\/wp\/v2\/users\/1"}],"replies":[{"embeddable":true,"href":"https:\/\/www.encontrasorocaba.com.br\/sobre\/wp-json\/wp\/v2\/comments?post=6694"}],"version-history":[{"count":0,"href":"https:\/\/www.encontrasorocaba.com.br\/sobre\/wp-json\/wp\/v2\/pages\/6694\/revisions"}],"wp:attachment":[{"href":"https:\/\/www.encontrasorocaba.com.br\/sobre\/wp-json\/wp\/v2\/media?parent=6694"}],"curies":[{"name":"wp","href":"https:\/\/api.w.org\/{rel}","templated":true}]}}