{"id":6681,"date":"2019-03-18T09:32:27","date_gmt":"2019-03-18T09:32:27","guid":{"rendered":"http:\/\/www.encontrasorocaba.com.br\/sobre\/?page_id=6681"},"modified":"2019-04-15T17:21:57","modified_gmt":"2019-04-15T17:21:57","slug":"sine-sorocaba","status":"publish","type":"page","link":"https:\/\/www.encontrasorocaba.com.br\/sobre\/sine-sorocaba\/","title":{"rendered":"Sine Sorocaba"},"content":{"rendered":"<div class=\"bf54deaa11a4587a41abacdf5428af85\" data-index=\"1\" style=\"float: none; margin:0px;\">\n<!-- Anuncio display - global -->\r\n<ins class=\"adsbygoogle\"\r\n     style=\"display:block\"\r\n     data-ad-client=\"ca-pub-8585364105181520\"\r\n     data-ad-slot=\"8789329856\"\r\n     data-ad-format=\"auto\"\r\n     data-full-width-responsive=\"true\"><\/ins>\r\n<script>\r\n     (adsbygoogle = window.adsbygoogle || []).push({});\r\n<\/script>\n<\/div>\n<p>O Sistema Nacional de Emprego (SINE) \u00e9 um \u00f3rg\u00e3o do governo federal do Brasil, coordenado pelo Minist\u00e9rio do Trabalho e Emprego, por interm\u00e9dio da Secretaria de Pol\u00edticas de Emprego e Sal\u00e1rio, com o objetivo de fazer a intermedia\u00e7\u00e3o de m\u00e3o-de-obra atrav\u00e9s de suas ag\u00eancias espalhadas por todo o pa\u00eds, controlar o pagamento do seguro-desemprego e apoiar o Programa de Gera\u00e7\u00e3o de Emprego, Trabalho e Renda (PROGER).<\/p>\n<p>Confira mais informa\u00e7\u00f5es sobre o\u00a0<strong>Sine Sorocaba<\/strong>.<\/p>\n<p><img loading=\"lazy\" decoding=\"async\" class=\"alignnone wp-image-6682 size-full\" title=\"Sine Sorocaba\" src=\"http:\/\/www.encontrasorocaba.com.br\/sobre\/wp-content\/uploads\/sine-sorocaba.gif\" alt=\"Sine Sorocaba\" width=\"680\" height=\"189\" \/><\/p>\n<p>O SINE \u00e9 uma \u00f3tima dica para quem deseja aproveitar das vagas de emprego dispon\u00edveis para Sorocaba, em S\u00e3o Paulo, sendo que o site de empregos e suas diferentes unidades espalhadas por todo o Brasil permitem suprir a demanda do mercado, com v\u00e1rias oportunidades distribu\u00eddas de acordo com a regi\u00e3o.\u00a0Em Sorocaba, o SINE possui uma variedade de vagas de emprego cadastradas para todos os interessados, permitindo que os mesmos possam aproveitar os cargos para os quais as oportunidades s\u00e3o v\u00e1lidas.<\/p>\n<p>Hoje em dia, ao acessar o site do SINE \u00e9 poss\u00edvel encontrar v\u00e1rias vagas, assim como para: operador de log\u00edstica, eletricista, supervisor de departamento pessoal, instrutor agr\u00edcola, zelador, atendente de balc\u00e3o, auxiliar de servi\u00e7os gerais, pintor, promotor, engenheiro civil, servente de obras, armador de ferros, pedreiro, operador de carregadeira, coordenador financeiro, eletrot\u00e9cnico, auxiliar de faturamento, auxiliar de enfermagem, cozinheiro, mec\u00e2nico montador, assistente de marketing, assistente de vendas, auxiliar administrativo, gerente de qualidade, lubrificador de autom\u00f3veis, analista de PCP, balconista, desenvolvedor, profissional de educa\u00e7\u00e3o f\u00edsica, entre muitas outras vagas abertas no SINE.<\/p>\n<h2>Sine Sorocaba Vagas de Emprego<\/h2>\n<p>O Sine Sorocaba disponibiliza diversas vagas de emprego em v\u00e1rias \u00e1reas de diferentes de atua\u00e7\u00e3o. Para consulta-las\u00a0<a href=\"https:\/\/www.trabalhabrasil.com.br\/vagas-empregos-em-sorocaba-sp\" target=\"_blank\" rel=\"noopener noreferrer\">acesse aqui<\/a>.<\/p>\n<h3>Sine Sorocaba Seguro Desemprego<\/h3>\n<p>O\u00a0Seguro Desemprego\u00a0\u00e9 um benef\u00edcio integrante da seguridade social, garantido pelo art.7\u00ba dos Direitos Sociais da Constitui\u00e7\u00e3o Federal e tem por finalidade prover assist\u00eancia financeira tempor\u00e1ria ao trabalhador dispensado involuntariamente.<\/p>\n<p>O interessado precisa acessar o site do Sine e escolher o local onde deseja ser atendido. As unidades dispon\u00edveis para agendamento podem ser pesquisadas por munic\u00edpio ou nome da unidade.<\/p>\n<h3>Sine Sorocaba Agendamento<\/h3>\n<p>Acesse o site do Sine para realizar um agendamento pr\u00e9vio antes de realizar uma visita f\u00edsica ao local.<\/p>\n<h3>Hor\u00e1rio de Funcionamento Sine em Sorocaba<\/h3>\n<ul>\n<li>Todas as unidades atendem de Segunda a Sexta das 8 \u00e0s 18h<\/li>\n<\/ul>\n<h3>Onde fica e Endere\u00e7o Sine em Sorocaba<\/h3>\n<ul>\n<li>Rua Dom Pedro II, 95 &#8211; Sorocaba &#8211; SP<\/li>\n<\/ul>\n<h4>Mapa de localiza\u00e7\u00e3o<\/h4>\n<a class=\"wp-colorbox-iframe\" href=\"https:\/\/www.google.com\/maps\/embed?pb=!1m18!1m12!1m3!1d3658.9245829987017!2d-47.457823985023346!3d-23.49922578471373!2m3!1f0!2f0!3f0!3m2!1i1024!2i768!4f13.1!3m3!1m2!1s0x94c58aa3bbef68690x19f25ce70100c596!2sR.+Dom+Pedro+II+95+-+Centro+Sorocaba+-+SP+18010-130!5e0!3m2!1spt-BR!2sbr!4v1552901213208\"><img decoding=\"async\" src=\"http:\/\/www.encontrasorocaba.com.br\/imgs\/maps-post.png\"><\/a>\n<p>&nbsp;<\/p>\n\n<div style=\"font-size: 0px; height: 0px; line-height: 0px; margin: 0; padding: 0; clear: both;\"><\/div>","protected":false},"excerpt":{"rendered":"<p>O Sistema Nacional de Emprego (SINE) \u00e9 um \u00f3rg\u00e3o do governo federal do Brasil, coordenado pelo Minist\u00e9rio do Trabalho e Emprego, por interm\u00e9dio da Secretaria de Pol\u00edticas de Emprego e Sal\u00e1rio, com o objetivo de fazer a intermedia\u00e7\u00e3o de m\u00e3o-de-obra atrav\u00e9s de suas ag\u00eancias espalhadas por todo o pa\u00eds, controlar o pagamento do seguro-desemprego e apoiar o Programa de Gera\u00e7\u00e3o de Emprego, Trabalho e Renda (PROGER). Confira mais informa\u00e7\u00f5es sobre o\u00a0Sine Sorocaba. O SINE \u00e9 uma \u00f3tima dica para quem deseja aproveitar das vagas de emprego dispon\u00edveis para Sorocaba, em S\u00e3o Paulo, sendo que o site de empregos e suas <\/p>\n","protected":false},"author":1,"featured_media":0,"parent":0,"menu_order":0,"comment_status":"closed","ping_status":"closed","template":"","meta":{"footnotes":""},"class_list":["post-6681","page","type-page","status-publish","hentry"],"_links":{"self":[{"href":"https:\/\/www.encontrasorocaba.com.br\/sobre\/wp-json\/wp\/v2\/pages\/6681","targetHints":{"allow":["GET"]}}],"collection":[{"href":"https:\/\/www.encontrasorocaba.com.br\/sobre\/wp-json\/wp\/v2\/pages"}],"about":[{"href":"https:\/\/www.encontrasorocaba.com.br\/sobre\/wp-json\/wp\/v2\/types\/page"}],"author":[{"embeddable":true,"href":"https:\/\/www.encontrasorocaba.com.br\/sobre\/wp-json\/wp\/v2\/users\/1"}],"replies":[{"embeddable":true,"href":"https:\/\/www.encontrasorocaba.com.br\/sobre\/wp-json\/wp\/v2\/comments?post=6681"}],"version-history":[{"count":0,"href":"https:\/\/www.encontrasorocaba.com.br\/sobre\/wp-json\/wp\/v2\/pages\/6681\/revisions"}],"wp:attachment":[{"href":"https:\/\/www.encontrasorocaba.com.br\/sobre\/wp-json\/wp\/v2\/media?parent=6681"}],"curies":[{"name":"wp","href":"https:\/\/api.w.org\/{rel}","templated":true}]}}