{"id":6303,"date":"2017-11-07T20:10:39","date_gmt":"2017-11-07T20:10:39","guid":{"rendered":"http:\/\/www.encontrasorocaba.com.br\/sobre\/?page_id=6303"},"modified":"2019-05-15T19:34:40","modified_gmt":"2019-05-15T19:34:40","slug":"monteiro-lobato-sorocaba","status":"publish","type":"page","link":"https:\/\/www.encontrasorocaba.com.br\/sobre\/monteiro-lobato-sorocaba\/","title":{"rendered":"Monteiro Lobato Sorocaba"},"content":{"rendered":"<div class=\"bf54deaa11a4587a41abacdf5428af85\" data-index=\"1\" style=\"float: none; margin:0px;\">\n<!-- Anuncio display - global -->\r\n<ins class=\"adsbygoogle\"\r\n     style=\"display:block\"\r\n     data-ad-client=\"ca-pub-8585364105181520\"\r\n     data-ad-slot=\"8789329856\"\r\n     data-ad-format=\"auto\"\r\n     data-full-width-responsive=\"true\"><\/ins>\r\n<script>\r\n     (adsbygoogle = window.adsbygoogle || []).push({});\r\n<\/script>\n<\/div>\n<p>O Lar Escola <strong>Monteiro Lobato de Sorocaba<\/strong> \u00e9 uma entidade sem fins lucrativos fundada em 1946, que atende atualmente a 310 crian\u00e7as e adolescentes em vulnerabilidade social das periferias de Sorocaba e Votorantim.<\/p>\n<p>O Lar Escola empenha-se a proporcionar a todos e a cada um dos participantes de seus programas um futuro com dignidade, realiza\u00e7\u00e3o individual, social e melhoria da qualidade de vida.<\/p>\n<p><img loading=\"lazy\" decoding=\"async\" class=\"alignnone wp-image-6304 size-full\" title=\"Monteiro Lobato Sorocaba\" src=\"http:\/\/www.encontrasorocaba.com.br\/sobre\/wp-content\/uploads\/lar-monteiro-lobato-sorocaba.jpg\" alt=\"Monteiro Lobato Sorocaba\" width=\"680\" height=\"189\" srcset=\"https:\/\/www.encontrasorocaba.com.br\/sobre\/wp-content\/uploads\/lar-monteiro-lobato-sorocaba.jpg 680w, https:\/\/www.encontrasorocaba.com.br\/sobre\/wp-content\/uploads\/lar-monteiro-lobato-sorocaba-300x83.jpg 300w\" sizes=\"auto, (max-width: 680px) 100vw, 680px\" \/><\/p>\n<h2>Escola Monteiro Lobato Sorocaba<\/h2>\n<p>A <em>escola oferece ensino fundamental pelo n\u00facleo do Col\u00e9gio Polit\u00e9cnico de Sorocaba<\/em>, implantado em suas depend\u00eancias. S\u00e3o fornecidos alimenta\u00e7\u00e3o, uniformes e material escolar, atendimento m\u00e9dico, odontol\u00f3gico, social e psicol\u00f3gico e atividades extra-curriculares, esportivas e culturais.<\/p>\n<h3>Hor\u00e1rio de Funcionamento Monteiro Lobato Sorocaba em Sorocaba<\/h3>\n<ul>\n<li>Segunda \u00e0 Sexta das 08:00 \u00e0s 17:00<\/li>\n<\/ul>\n<h3>Endere\u00e7o e Telefone Monteiro Lobato Sorocaba em Sorocaba<\/h3>\n<ul>\n<li>R. Ant\u00f4nio Aparecido Ferraz, 1111 &#8211; Jd Itangua &#8211; CEP: 18052-280<\/li>\n<li>Telefone: (15) 3221-4970<\/li>\n<\/ul>\n<h4>Outras informa\u00e7\u00f5es e site<\/h4>\n<ul>\n<li>Mais informa\u00e7\u00f5es: <a href=\"http:\/\/www.monteirolobatosorocaba.org.br\" target=\"_blank\" rel=\"noopener noreferrer\">www.monteirolobatosorocaba.org.br<\/a><\/li>\n<li>E-mail: \u00a0falecom@monteirolobatosorocaba.org<\/li>\n<\/ul>\n<h4>Mapa de localiza\u00e7\u00e3o<\/h4>\n<a class=\"wp-colorbox-iframe\" href=\"https:\/\/www.google.com\/maps\/embed?pb=!1m14!1m8!1m3!1d14631.35418894796!2d-47.4967097!3d-23.5383087!3m2!1i1024!2i768!4f13.1!3m3!1m2!1s0x00x16881cae7ff92755!2sMonteiro+Lobato!5e0!3m2!1spt-BR!2sbr!4v1510085254569\"><img decoding=\"async\" src=\"http:\/\/www.encontrasorocaba.com.br\/imgs\/maps-post.png\"><\/a>\n\n<div style=\"font-size: 0px; height: 0px; line-height: 0px; margin: 0; padding: 0; clear: both;\"><\/div>","protected":false},"excerpt":{"rendered":"<p>O Lar Escola Monteiro Lobato de Sorocaba \u00e9 uma entidade sem fins lucrativos fundada em 1946, que atende atualmente a 310 crian\u00e7as e adolescentes em vulnerabilidade social das periferias de Sorocaba e Votorantim. O Lar Escola empenha-se a proporcionar a todos e a cada um dos participantes de seus programas um futuro com dignidade, realiza\u00e7\u00e3o individual, social e melhoria da qualidade de vida. Escola Monteiro Lobato Sorocaba A escola oferece ensino fundamental pelo n\u00facleo do Col\u00e9gio Polit\u00e9cnico de Sorocaba, implantado em suas depend\u00eancias. S\u00e3o fornecidos alimenta\u00e7\u00e3o, uniformes e material escolar, atendimento m\u00e9dico, odontol\u00f3gico, social e psicol\u00f3gico e atividades extra-curriculares, esportivas <\/p>\n","protected":false},"author":1,"featured_media":0,"parent":0,"menu_order":0,"comment_status":"closed","ping_status":"closed","template":"","meta":{"footnotes":""},"class_list":["post-6303","page","type-page","status-publish","hentry"],"_links":{"self":[{"href":"https:\/\/www.encontrasorocaba.com.br\/sobre\/wp-json\/wp\/v2\/pages\/6303","targetHints":{"allow":["GET"]}}],"collection":[{"href":"https:\/\/www.encontrasorocaba.com.br\/sobre\/wp-json\/wp\/v2\/pages"}],"about":[{"href":"https:\/\/www.encontrasorocaba.com.br\/sobre\/wp-json\/wp\/v2\/types\/page"}],"author":[{"embeddable":true,"href":"https:\/\/www.encontrasorocaba.com.br\/sobre\/wp-json\/wp\/v2\/users\/1"}],"replies":[{"embeddable":true,"href":"https:\/\/www.encontrasorocaba.com.br\/sobre\/wp-json\/wp\/v2\/comments?post=6303"}],"version-history":[{"count":0,"href":"https:\/\/www.encontrasorocaba.com.br\/sobre\/wp-json\/wp\/v2\/pages\/6303\/revisions"}],"wp:attachment":[{"href":"https:\/\/www.encontrasorocaba.com.br\/sobre\/wp-json\/wp\/v2\/media?parent=6303"}],"curies":[{"name":"wp","href":"https:\/\/api.w.org\/{rel}","templated":true}]}}