{"id":5466,"date":"2017-07-20T15:48:56","date_gmt":"2017-07-20T15:48:56","guid":{"rendered":"http:\/\/www.encontrasorocaba.com.br\/sobre\/?page_id=5466"},"modified":"2019-05-15T19:34:42","modified_gmt":"2019-05-15T19:34:42","slug":"sebrae-sorocaba","status":"publish","type":"page","link":"https:\/\/www.encontrasorocaba.com.br\/sobre\/sebrae-sorocaba\/","title":{"rendered":"Sebrae Sorocaba"},"content":{"rendered":"<div class=\"bf54deaa11a4587a41abacdf5428af85\" data-index=\"1\" style=\"float: none; margin:0px;\">\n<!-- Anuncio display - global -->\r\n<ins class=\"adsbygoogle\"\r\n     style=\"display:block\"\r\n     data-ad-client=\"ca-pub-8585364105181520\"\r\n     data-ad-slot=\"8789329856\"\r\n     data-ad-format=\"auto\"\r\n     data-full-width-responsive=\"true\"><\/ins>\r\n<script>\r\n     (adsbygoogle = window.adsbygoogle || []).push({});\r\n<\/script>\n<\/div>\n<p>O <em>Servi\u00e7o Brasileiro de Apoio \u00e0s Micro e Pequenas Empresas (Sebrae)<\/em> \u00e9 uma entidade privada sem fins lucrativos. \u00c9 um agente de capacita\u00e7\u00e3o e de promo\u00e7\u00e3o do desenvolvimento, criado para dar apoio aos pequenos neg\u00f3cios de todo o pa\u00eds.<\/p>\n<p>O <strong>Sebrae Sorocaba<\/strong> \u00e9 agente de capacita\u00e7\u00e3o e de promo\u00e7\u00e3o do desenvolvimento, mas n\u00e3o \u00e9 uma institui\u00e7\u00e3o financeira, por isso n\u00e3o empresta dinheiro.<\/p>\n<p><img loading=\"lazy\" decoding=\"async\" class=\"alignnone wp-image-5469 size-full\" title=\"Sebrae Sorocaba\" src=\"http:\/\/www.encontrasorocaba.com.br\/sobre\/wp-content\/uploads\/sebrae-sorocaba.jpg\" alt=\"Sebrae Sorocaba\" width=\"680\" height=\"189\" srcset=\"https:\/\/www.encontrasorocaba.com.br\/sobre\/wp-content\/uploads\/sebrae-sorocaba.jpg 680w, https:\/\/www.encontrasorocaba.com.br\/sobre\/wp-content\/uploads\/sebrae-sorocaba-300x83.jpg 300w\" sizes=\"auto, (max-width: 680px) 100vw, 680px\" \/><\/p>\n<p>Articula (junto aos bancos, cooperativas de cr\u00e9dito e institui\u00e7\u00f5es de microcr\u00e9dito) a cria\u00e7\u00e3o de produtos financeiros adequados \u00e0s necessidades do segmento. Tamb\u00e9m orienta os empreendedores para que o acesso ao cr\u00e9dito seja, de fato, um instrumento de melhoria do neg\u00f3cio.<em><br \/>\n<\/em><\/p>\n<h2>Sebrae Sorocaba Cursos<\/h2>\n<p>O Sebrae possui na internet uma plataforma de cursos EAD (Ensino \u00e0 Dist\u00e2ncia), basta acessar o site <a href=\"http:\/\/ead.sebrae.com.br\" target=\"_blank\" rel=\"noopener noreferrer\">ead.sebrae.com.br<\/a> e fazer a sua matr\u00edcula gratuita. Os cursos podem ser realizados pela internet de forma gratuita. A maioria deles est\u00e1 dispon\u00edvel para qualquer pessoa f\u00edsica (CPF), alguns s\u00e3o direcionados exclusivamente as pessoas que j\u00e1 possuem um CNPJ (Cadastro Nacional de Pessoa Jur\u00eddica).<\/p>\n<p>Ao completar um dos cursos gratuitos \u00e9 poss\u00edvel obter um certificado de conclus\u00e3o de curso, que pode ajudar no seu curr\u00edculo profissional.<\/p>\n<h3>Sebrae Sorocaba MEI<\/h3>\n<p>O trabalhador conhecido como informal pode se tornar um Microempreendedor Individual legalizado e passar a ter CNPJ, o que facilitar\u00e1 a abertura de conta banc\u00e1ria, o pedido de empr\u00e9stimos e a emiss\u00e3o de notas fiscais.<em><br \/>\n<\/em><\/p>\n<p>Para ser um microempreendedor individual, \u00e9 necess\u00e1rio faturar hoje at\u00e9 R$ 60.000,00 por ano ou R$ 5.000,00 por m\u00eas, n\u00e3o ter participa\u00e7\u00e3o em outra empresa como s\u00f3cio ou titular e ter no m\u00e1ximo um empregado contratado que receba o sal\u00e1rio m\u00ednimo ou o piso da categoria.<\/p>\n<p>O MEI ser\u00e1 enquadrado no Simples Nacional e ficar\u00e1 isento dos tributos federais (Imposto de Renda, PIS, Cofins, IPI e CSLL). O MEI tem direito aos benef\u00edcios previdenci\u00e1rios, como aux\u00edlio-maternidade, aux\u00edlio-doen\u00e7a, aposentadoria, entre outros.<\/p>\n<p>O <strong>Sebrae Sorocaba<\/strong> oferece auxilio sobre o assunto, caso preciso.<\/p>\n<p><img loading=\"lazy\" decoding=\"async\" class=\"alignnone wp-image-5468 size-full\" title=\"Sebrae em Sorocaba\" src=\"http:\/\/www.encontrasorocaba.com.br\/sobre\/wp-content\/uploads\/sebrae-sp.jpg\" alt=\"Sebrae em Sorocaba\" width=\"680\" height=\"188\" srcset=\"https:\/\/www.encontrasorocaba.com.br\/sobre\/wp-content\/uploads\/sebrae-sp.jpg 680w, https:\/\/www.encontrasorocaba.com.br\/sobre\/wp-content\/uploads\/sebrae-sp-300x83.jpg 300w\" sizes=\"auto, (max-width: 680px) 100vw, 680px\" \/><\/p>\n<h3>Vagas Sebrae Sorocaba &#8211; Trabalhe Conosco<\/h3>\n<p>As oportunidades de trabalho no Sebrae em Sorocaba s\u00e3o divulgadas em jornais de grande circula\u00e7\u00e3o e no Portal Sebrae.<\/p>\n<h3>Hor\u00e1rio de Funcionamento Sebrae em Sorocaba<\/h3>\n<ul>\n<li>De Segunda a Sexta das 9h \u00e0s 17h<\/li>\n<\/ul>\n<h3>Endere\u00e7o e Telefone Sebrae em Sorocaba<\/h3>\n<ul>\n<li>Avenida General Carneiro, 919 &#8211; Centro &#8211; Sorocaba<\/li>\n<li>Telefone: (15) 3229-0270<\/li>\n<\/ul>\n<h4>Outras informa\u00e7\u00f5es e site<\/h4>\n<ul>\n<li>Mais informa\u00e7\u00f5es: <a href=\"http:\/\/www.sebrae.com.br\" target=\"_blank\" rel=\"noopener noreferrer\">www.sebrae.com.br<\/a><\/li>\n<li>E-mail: ersorocaba@sebraesp.com.br<\/li>\n<\/ul>\n<h4>Mapa de localiza\u00e7\u00e3o<\/h4>\n<a class=\"wp-colorbox-iframe\" href=\"https:\/\/www.google.com\/maps\/embed?pb=!1m14!1m8!1m3!1d14635.098315104291!2d-47.4773018!3d-23.5046276!3m2!1i1024!2i768!4f13.1!3m3!1m2!1s0x00xf2d52cb5b0c825ef!2sSEBRAE+Servio+Apoio+As+Micros+Empresas+So+Paulo+-+ER+Sorocaba!5e0!3m2!1spt-BR!2sbr!4v1500564996973\"><img decoding=\"async\" src=\"http:\/\/www.encontrasorocaba.com.br\/imgs\/maps-post.png\"><\/a>\n\n<div style=\"font-size: 0px; height: 0px; line-height: 0px; margin: 0; padding: 0; clear: both;\"><\/div>","protected":false},"excerpt":{"rendered":"<p>O Servi\u00e7o Brasileiro de Apoio \u00e0s Micro e Pequenas Empresas (Sebrae) \u00e9 uma entidade privada sem fins lucrativos. \u00c9 um agente de capacita\u00e7\u00e3o e de promo\u00e7\u00e3o do desenvolvimento, criado para dar apoio aos pequenos neg\u00f3cios de todo o pa\u00eds. O Sebrae Sorocaba \u00e9 agente de capacita\u00e7\u00e3o e de promo\u00e7\u00e3o do desenvolvimento, mas n\u00e3o \u00e9 uma institui\u00e7\u00e3o financeira, por isso n\u00e3o empresta dinheiro. Articula (junto aos bancos, cooperativas de cr\u00e9dito e institui\u00e7\u00f5es de microcr\u00e9dito) a cria\u00e7\u00e3o de produtos financeiros adequados \u00e0s necessidades do segmento. Tamb\u00e9m orienta os empreendedores para que o acesso ao cr\u00e9dito seja, de fato, um instrumento de melhoria <\/p>\n","protected":false},"author":1,"featured_media":0,"parent":0,"menu_order":0,"comment_status":"closed","ping_status":"closed","template":"","meta":{"footnotes":""},"class_list":["post-5466","page","type-page","status-publish","hentry"],"_links":{"self":[{"href":"https:\/\/www.encontrasorocaba.com.br\/sobre\/wp-json\/wp\/v2\/pages\/5466","targetHints":{"allow":["GET"]}}],"collection":[{"href":"https:\/\/www.encontrasorocaba.com.br\/sobre\/wp-json\/wp\/v2\/pages"}],"about":[{"href":"https:\/\/www.encontrasorocaba.com.br\/sobre\/wp-json\/wp\/v2\/types\/page"}],"author":[{"embeddable":true,"href":"https:\/\/www.encontrasorocaba.com.br\/sobre\/wp-json\/wp\/v2\/users\/1"}],"replies":[{"embeddable":true,"href":"https:\/\/www.encontrasorocaba.com.br\/sobre\/wp-json\/wp\/v2\/comments?post=5466"}],"version-history":[{"count":0,"href":"https:\/\/www.encontrasorocaba.com.br\/sobre\/wp-json\/wp\/v2\/pages\/5466\/revisions"}],"wp:attachment":[{"href":"https:\/\/www.encontrasorocaba.com.br\/sobre\/wp-json\/wp\/v2\/media?parent=5466"}],"curies":[{"name":"wp","href":"https:\/\/api.w.org\/{rel}","templated":true}]}}