{"id":4719,"date":"2017-06-27T13:08:59","date_gmt":"2017-06-27T13:08:59","guid":{"rendered":"http:\/\/www.encontrasorocaba.com.br\/sobre\/?page_id=4719"},"modified":"2019-05-15T19:34:42","modified_gmt":"2019-05-15T19:34:42","slug":"senai-sorocaba","status":"publish","type":"page","link":"https:\/\/www.encontrasorocaba.com.br\/sobre\/senai-sorocaba\/","title":{"rendered":"Senai Sorocaba"},"content":{"rendered":"<div class=\"bf54deaa11a4587a41abacdf5428af85\" data-index=\"1\" style=\"float: none; margin:0px;\">\n<!-- Anuncio display - global -->\r\n<ins class=\"adsbygoogle\"\r\n     style=\"display:block\"\r\n     data-ad-client=\"ca-pub-8585364105181520\"\r\n     data-ad-slot=\"8789329856\"\r\n     data-ad-format=\"auto\"\r\n     data-full-width-responsive=\"true\"><\/ins>\r\n<script>\r\n     (adsbygoogle = window.adsbygoogle || []).push({});\r\n<\/script>\n<\/div>\n<p>O <em>Servi\u00e7o Nacional de Aprendizagem Industrial (SENAI)<\/em> foi criado em 22 de janeiro de 1942, pelo Decreto-Lei 4.048 do ent\u00e3o presidente Get\u00falio Vargas, com a miss\u00e3o de formar profissionais para a ind\u00fastria nacional.<\/p>\n<p>Inaugurada em 25 de agosto de 1962, a Escola <strong>SENAI Sorocaba<\/strong> recebeu o nome de &#8220;Gaspar Ricardo J\u00fanior&#8221;, em homenagem ao ex-diretor da Estrada de Ferro Sorocabana.<\/p>\n<p><img loading=\"lazy\" decoding=\"async\" class=\"alignnone wp-image-4720 size-full\" title=\"Senai Sorocaba\" src=\"http:\/\/www.encontrasorocaba.com.br\/sobre\/wp-content\/uploads\/senai-sorocaba-.jpg\" alt=\"Senai Sorocaba\" width=\"680\" height=\"189\" srcset=\"https:\/\/www.encontrasorocaba.com.br\/sobre\/wp-content\/uploads\/senai-sorocaba-.jpg 680w, https:\/\/www.encontrasorocaba.com.br\/sobre\/wp-content\/uploads\/senai-sorocaba--300x83.jpg 300w\" sizes=\"auto, (max-width: 680px) 100vw, 680px\" \/><\/p>\n<p>Em 2005 a Escola foi reinaugurada ap\u00f3s uma reforma radical e ampla moderniza\u00e7\u00e3o, sendo equipada com novos laborat\u00f3rios e oficinas que incorporaram a mais moderna tecnologia. Sobre esta base a Escola p\u00f4de aprimorar seu atendimento, passando a oferecer novos cursos de n\u00edvel t\u00e9cnico e de forma\u00e7\u00e3o inicial e continuada.<\/p>\n<p>Em 2017 foi inaugurada a nova escola do Senai na cidade, chamada <em>Escola Senai Luiz Pagliato<\/em>.<\/p>\n<h2>Senai Sorocaba Cursos<\/h2>\n<p>Em 2012 iniciou a primeira turma do Curso Superior de Tecnologia em Fabrica\u00e7\u00e3o Mec\u00e2nica inaugurando um novo n\u00edvel de forma\u00e7\u00e3o, para atender a demanda de mercado deste profissional.<\/p>\n<p>Em 2016 iniciaram duas turmas de P\u00f3s-Gradua\u00e7\u00e3o Gradua\u00e7\u00e3o Lato Sensu: Otimiza\u00e7\u00e3o e Gerenciamento da Manufatura e Automa\u00e7\u00e3o Industrial.<em><br \/>\n<\/em><\/p>\n<p>Atualmente, a Escola desenvolve:<\/p>\n<ul>\n<li><strong>Cursos de Aprendizagem Industrial (CAI)<\/strong>: Almoxarife, Assistente Administrativo, Eletricista de Manuten\u00e7\u00e3o Eletroeletr\u00f4nica, Ferramenteiro de Corte, Dobra e Repuxo, Mec\u00e2nico de Usinagem e Operador de Produ\u00e7\u00e3o Industrial, sendo o \u00faltimo realizado no sistema dual, com a parte pr\u00e1tica desenvolvida na empresa.<\/li>\n<li><strong>Curso T\u00e9cnico (CT)<\/strong>: Mecatr\u00f4nica;<\/li>\n<li><strong>Curso Superior de Tecnologia (CST)<\/strong>: Tecnologia em Fabrica\u00e7\u00e3o Mec\u00e2nica;<\/li>\n<li><strong>Cursos de P\u00f3s Gradua\u00e7\u00e3o Lato Sensu<\/strong>: Otimiza\u00e7\u00e3o e Gerenciamento da Manufatura e Automa\u00e7\u00e3o Industrial;<\/li>\n<li><strong>Cursos de Forma\u00e7\u00e3o Inicial e Continuada \u2013 Escola (FIC-E)<\/strong>: Programas de curta dura\u00e7\u00e3o abertos \u00e0s empresas e \u00e0 comunidade, distribu\u00eddos nas \u00e1reas: Automa\u00e7\u00e3o, Eletroeletr\u00f4nica, Gest\u00e3o, Log\u00edstica, Metalmec\u00e2nica, Pl\u00e1stico, Refrigera\u00e7\u00e3o e Climatiza\u00e7\u00e3o, Seguran\u00e7a do Trabalho e Tecnologia da Informa\u00e7\u00e3o;<\/li>\n<li><strong>Cursos de Forma\u00e7\u00e3o Inicial e Continuada \u2013 Empresa Entidade (FIC-EE)<\/strong>: Programas com foco na necessidade das empresas e comunit\u00e1rios em parceria com institui\u00e7\u00f5es p\u00fablicas e privadas: Programa Comunit\u00e1rio de Forma\u00e7\u00e3o Profissional (PCFP) e Programa SENAI \u201cEscola de Vida e Trabalho\u201d (EVT).<\/li>\n<\/ul>\n<h3>Cursos Gratuitos Senai Sorocaba<\/h3>\n<p>O Senai Sorocaba oferece aos interessados bolsas de estudos. S\u00e3o elas: parciais ou integrais nos cursos de:<em><br \/>\n<\/em><\/p>\n<ol>\n<li>Nos cursos de Aprendizagem Industrial e T\u00e9cnico, as bolsas s\u00e3o sempre integrais.<\/li>\n<li>No Curso Superior (Gradua\u00e7\u00e3o), podem ser concedidas bolsas parciais.<\/li>\n<li>Em cursos livres com mais de 160 horas, podem ser concedidas bolsas integrais.<\/li>\n<\/ol>\n<section id=\"requisitos\"><strong>Para se inscrever, \u00e9 preciso:<\/strong><\/p>\n<ul>\n<li>Ter 18 anos ou mais, na data de in\u00edcio do curso;<\/li>\n<li>N\u00e3o ser bolsista em outro curso no SENAI-SP;<\/li>\n<li>Atender aos requisitos para ingresso no curso escolhido.<\/li>\n<\/ul>\n<header>Ap\u00f3s a inscri\u00e7\u00e3o dos candidatos, caso o n\u00famero de inscritos supere o total de vagas, haver\u00e1 classifica\u00e7\u00e3o com base em:<\/p>\n<ul>\n<li>Situa\u00e7\u00e3o de emprego, em que ter\u00e1 prioridade o candidato desempregado;<\/li>\n<li>Grau de escolaridade, em que ter\u00e1 prioridade quem cursou, no m\u00e1ximo, o ensino m\u00e9dio. A prefer\u00eancia \u00e9 ter conclu\u00eddo o ensino m\u00e9dio, em seguida quem est\u00e1 cursando o ensino m\u00e9dio, at\u00e9 chegar \u00e0 escolaridade m\u00ednima prevista como requisito para realizar o curso;<\/li>\n<li>Renda, em que ter\u00e1 prioridade os de menor renda per capita. A renda per capita \u00e9 calculada a partir dos rendimentos e do n\u00famero de pessoas da fam\u00edlia, que moram com o candidato;<\/li>\n<\/ul>\n<h3>Senai Itavuvu Sorocaba &#8211; Unidade &#8220;Luiz Pagliato&#8221;:<\/h3>\n<p>O Senai inaugurou no ano de 2017, a segunda unidade da escola na cidade de Sorocaba. A unidade Luiz Pagliato fica na avenida Itavuvu, na zona norte de Sorocaba.<\/p>\n<p>A <em>nova unidade do Senai em Sorocaba<\/em> atualmente oferece cursos de Aprendizagem Industrial e de Forma\u00e7\u00e3o Inicial Continuada.<em><br \/>\n<\/em><\/p>\n<h3>Vagas Senai Sorocaba &#8211; Trabalhe Conosco<\/h3>\n<p>O <strong>SENAI Sorocaba<\/strong> busca profissionais qualificados, que possam atuar nas \u00e1reas de forma\u00e7\u00e3o profissional e presta\u00e7\u00e3o de servi\u00e7os tecnol\u00f3gicos, bem como em setores de apoio t\u00e9cnico e administrativo.<\/p>\n<p><a href=\"https:\/\/curriculo.sesisenaisp.org.br\/curriculo\/arteweb?tipooper=22\" target=\"_blank\" rel=\"noopener noreferrer\">Clique aqui<\/a> para enviar os seus dados e se candidatar a uma vaga no Senai Sorocaba.<\/p>\n<h3>Hor\u00e1rio de Funcionamento Senai em Sorocaba<\/h3>\n<ul>\n<li><strong>Senai Santa Ros\u00e1lia:<\/strong> Segunda a sexta das 8h \u00e0s 21 h e s\u00e1bados das 8 \u00e0s 15 h<\/li>\n<li><strong>Senai Itavuvu:<\/strong> Segunda a sexta das 8h \u00e0s 20 h e s\u00e1bados das 8 \u00e0s 15 h<\/li>\n<\/ul>\n<h3>Endere\u00e7o e Telefone Senai Santa Ros\u00e1lia Sorocaba<\/h3>\n<ul>\n<li><strong>Senai Santa Ros\u00e1lia:<\/strong> Pra\u00e7a Roberto Mange, 30 &#8211; Sta Ros\u00e1lia &#8211; Telefone: (15) 3212-7400<\/li>\n<li><strong>Senai Itavuvu:<\/strong> Av. Itavuvu, 6515 &#8211; Zona Norte &#8211;\u00a0Telefone: (15) 3212-7400<\/li>\n<\/ul>\n<h4>Outras informa\u00e7\u00f5es e site<\/h4>\n<ul>\n<li>Mais informa\u00e7\u00f5es: <a href=\"http:\/\/www.sorocaba.sp.senai.br\" target=\"_blank\" rel=\"noopener noreferrer\">www.sorocaba.sp.senai.br<\/a><\/li>\n<li>E-mail: anete.palazzi@sp.senai.br<\/li>\n<\/ul>\n<h4>Mapa de localiza\u00e7\u00e3o &#8211; Senai Santa Ros\u00e1lia<\/h4>\n<a class=\"wp-colorbox-iframe\" href=\"https:\/\/www.google.com\/maps\/embed?pb=!1m14!1m8!1m3!1d14637.110026353093!2d-47.448846!3d-23.486512!3m2!1i1024!2i768!4f13.1!3m3!1m2!1s0x00x4ead928c70b1e690!2sEscola+Senai+-+Sorocaba!5e0!3m2!1spt-BR!2sbr!4v1498568493956\"><img decoding=\"async\" src=\"http:\/\/www.encontrasorocaba.com.br\/imgs\/maps-post.png\"><\/a>\n<\/header>\n<\/section>\n\n<div style=\"font-size: 0px; height: 0px; line-height: 0px; margin: 0; padding: 0; clear: both;\"><\/div>","protected":false},"excerpt":{"rendered":"<p>O Servi\u00e7o Nacional de Aprendizagem Industrial (SENAI) foi criado em 22 de janeiro de 1942, pelo Decreto-Lei 4.048 do ent\u00e3o presidente Get\u00falio Vargas, com a miss\u00e3o de formar profissionais para a ind\u00fastria nacional. Inaugurada em 25 de agosto de 1962, a Escola SENAI Sorocaba recebeu o nome de &#8220;Gaspar Ricardo J\u00fanior&#8221;, em homenagem ao ex-diretor da Estrada de Ferro Sorocabana. Em 2005 a Escola foi reinaugurada ap\u00f3s uma reforma radical e ampla moderniza\u00e7\u00e3o, sendo equipada com novos laborat\u00f3rios e oficinas que incorporaram a mais moderna tecnologia. Sobre esta base a Escola p\u00f4de aprimorar seu atendimento, passando a oferecer novos cursos <\/p>\n","protected":false},"author":1,"featured_media":0,"parent":0,"menu_order":0,"comment_status":"closed","ping_status":"closed","template":"","meta":{"footnotes":""},"class_list":["post-4719","page","type-page","status-publish","hentry"],"_links":{"self":[{"href":"https:\/\/www.encontrasorocaba.com.br\/sobre\/wp-json\/wp\/v2\/pages\/4719","targetHints":{"allow":["GET"]}}],"collection":[{"href":"https:\/\/www.encontrasorocaba.com.br\/sobre\/wp-json\/wp\/v2\/pages"}],"about":[{"href":"https:\/\/www.encontrasorocaba.com.br\/sobre\/wp-json\/wp\/v2\/types\/page"}],"author":[{"embeddable":true,"href":"https:\/\/www.encontrasorocaba.com.br\/sobre\/wp-json\/wp\/v2\/users\/1"}],"replies":[{"embeddable":true,"href":"https:\/\/www.encontrasorocaba.com.br\/sobre\/wp-json\/wp\/v2\/comments?post=4719"}],"version-history":[{"count":0,"href":"https:\/\/www.encontrasorocaba.com.br\/sobre\/wp-json\/wp\/v2\/pages\/4719\/revisions"}],"wp:attachment":[{"href":"https:\/\/www.encontrasorocaba.com.br\/sobre\/wp-json\/wp\/v2\/media?parent=4719"}],"curies":[{"name":"wp","href":"https:\/\/api.w.org\/{rel}","templated":true}]}}