{"id":4052,"date":"2017-05-29T19:07:28","date_gmt":"2017-05-29T19:07:28","guid":{"rendered":"http:\/\/www.encontrasorocaba.com.br\/noticias\/?page_id=4052"},"modified":"2017-07-04T11:38:24","modified_gmt":"2017-07-04T11:38:24","slug":"sesc-sorocaba","status":"publish","type":"page","link":"https:\/\/www.encontrasorocaba.com.br\/sobre\/sesc-sorocaba\/","title":{"rendered":"SESC Sorocaba"},"content":{"rendered":"<div class=\"bf54deaa11a4587a41abacdf5428af85\" data-index=\"1\" style=\"float: none; margin:0px;\">\n<!-- Anuncio display - global -->\r\n<ins class=\"adsbygoogle\"\r\n     style=\"display:block\"\r\n     data-ad-client=\"ca-pub-8585364105181520\"\r\n     data-ad-slot=\"8789329856\"\r\n     data-ad-format=\"auto\"\r\n     data-full-width-responsive=\"true\"><\/ins>\r\n<script>\r\n     (adsbygoogle = window.adsbygoogle || []).push({});\r\n<\/script>\n<\/div>\n<p>O <strong>Sesc Sorocaba<\/strong> foi inaugurado em 4 de dezembro de 2002, e possui setor de programa\u00e7\u00e3o e administra\u00e7\u00e3o e central de atendimento. O <em>SESC (Servi\u00e7o Social do Com\u00e9rcio)<\/em> \u00e9 uma institui\u00e7\u00e3o brasileira privada, mantida pelos empres\u00e1rios do com\u00e9rcio de bens, servi\u00e7os e turismo, com atua\u00e7\u00e3o em todo \u00e2mbito nacional, voltada para o bem-estar social dos seus empregados e familiares, por\u00e9m aberto \u00e0 comunidade em geral.<\/p>\n<p><img loading=\"lazy\" decoding=\"async\" class=\"alignnone wp-image-4586 size-full\" title=\"SESC Sorocaba\" src=\"http:\/\/www.encontrasorocaba.com.br\/sobre\/wp-content\/uploads\/sesc-sorocaba.jpg\" alt=\"SESC Sorocaba\" width=\"680\" height=\"189\" srcset=\"https:\/\/www.encontrasorocaba.com.br\/sobre\/wp-content\/uploads\/sesc-sorocaba.jpg 680w, https:\/\/www.encontrasorocaba.com.br\/sobre\/wp-content\/uploads\/sesc-sorocaba-300x83.jpg 300w\" sizes=\"auto, (max-width: 680px) 100vw, 680px\" \/><\/p>\n<h2>Sesc Sorocaba Programa\u00e7\u00e3o<\/h2>\n<p>O Sesc Sorocaba oferece uma programa\u00e7\u00e3o repleta de shows, pe\u00e7as de teatros, exposi\u00e7\u00f5es e eventos culturais.<em>\u00a0 <\/em>Os usu\u00e1rios podem se cadastrar no site clicando <a href=\"https:\/\/www.sescsp.org.br\/programacao\/\" target=\"_blank\" rel=\"noopener noreferrer\">nesse link<\/a>, conferir a programa\u00e7\u00e3o completa do Sesc Sorocaba, al\u00e9m de comprar ingressos e aproveitar o conte\u00fado do novo portal do SESC S\u00e3o Paulo<em>.<br \/>\n<\/em><\/p>\n<h3>Vagas Sesc Sorocaba &#8211; Trabalhe Conosco<\/h3>\n<p>Os processos de sele\u00e7\u00e3o do Sesc Sorocaba s\u00e3o divulgados em um portal de oportunidades, sendo realizados de acordo com a Resolu\u00e7\u00e3o n\u00ba 1296\/2015 do Conselho Nacional do SESC, que estabelece normas de Processo Seletivo para a contrata\u00e7\u00e3o de empregados. Para trabalhar no Sesc Sorocaba <a href=\"http:\/\/oportunidades.sescsp.org.br\/\" target=\"_blank\" rel=\"noopener noreferrer\">acesse as oportunidades de trabalho<\/a>, que s\u00e3o preenchidas mediante realiza\u00e7\u00e3o de processo seletivo.<\/p>\n<h3>SESC Sorocaba Piscina \u2013 Valor da Entrada<\/h3>\n<p>O acesso \u00e0 piscina do Sesc Sorocaba pode ser feita apenas por credenciados no <em>Sesc.<\/em> As mudan\u00e7as no acesso t\u00eam como objetivo qualificar o atendimento do p\u00fablico priorit\u00e1rio. Para acesso a piscina o s\u00f3cio deve estar com seu exame dermatol\u00f3gico em dia.<em><br \/>\n<\/em><\/p>\n<h3>SESC Sorocaba &#8211; Como Fazer a Carteirinha<\/h3>\n<p>Em uma das unidades do <em>Sesc<\/em> ou na pr\u00f3pria empresa em que se trabalha. A <em>Credencial Plena<\/em> \u00e9 gratuita. Voc\u00ea pode contatar uma das unidades do <em>Sesc<\/em> atrav\u00e9s do Fale Conosco (no pr\u00f3prio site), e na mensagem informar o CNPJ da empresa que consta em seu contrato de trabalho, registrado na carteira profissional para saber se sua empresa \u00e9 contribuinte do <em>Sesc.<\/em><\/p>\n<p><strong>Informa\u00e7\u00f5es T\u00e9cnicas<\/strong><\/p>\n<p><strong>Inaugura\u00e7\u00e3o:<\/strong> 01\/09\/2012<br \/>\n<strong>Arquiteto Respons\u00e1vel:\u00a0<\/strong>S\u00e9rgio Teperman<br \/>\n<strong>\u00c1rea do Terreno:<\/strong> 12.099,00 m\u00b2<br \/>\n<strong>\u00c1rea Constru\u00edda Total:<\/strong> 29.000,00\u00a0m\u00b2<br \/>\n<strong>Caracter\u00edsticas:<\/strong> Edif\u00edcio composto por subsolo, t\u00e9rreo inferior e superior e 3 pavimentos<\/p>\n<h3>Hor\u00e1rio de Atendimento Sesc em Sorocaba<\/h3>\n<ul>\n<li>De Segunda a Sexta das 09 \u00e0s 22hrs e aos s\u00e1bados e domingos das 10 \u00e0s 19hrs.<\/li>\n<\/ul>\n<h3>Endere\u00e7o e Telefone Sesc Sorocaba<\/h3>\n<ul>\n<li>Rua Bar\u00e3o de Piratininga, 555 &#8211; Jardim Faculdade, Sorocaba &#8211; SP &#8211; CEP: 18030-160<\/li>\n<li>Telefone: (15) 3332-9933<\/li>\n<\/ul>\n<h4>Outras informa\u00e7\u00f5es &#8211; Agenda, Site, Redes Sociais:<\/h4>\n<ul>\n<li>Mais informa\u00e7\u00f5es: <a href=\"http:\/\/www.sescsp.org.br\/unidades\/39_SOROCABA\" target=\"_blank\" rel=\"noopener noreferrer\">www.sescsp.org.br\/sorocaba<\/a><\/li>\n<li>Facebook: <a href=\"http:\/\/www.facebook.com\/sescsorocaba\" target=\"_blank\" rel=\"noopener noreferrer\">www.facebook.com\/sescsorocaba<\/a><\/li>\n<li>Twitter: <a href=\"http:\/\/www.twitter.com\/sescsorocaba\/\" target=\"_blank\" rel=\"noopener noreferrer\">www.twitter.com\/sescsorocaba\/<\/a><\/li>\n<li>E-mail: email@sorocaba.sescsp.org.br<\/li>\n<\/ul>\n<h4>Mapa de localiza\u00e7\u00e3o:<\/h4>\n<a class=\"wp-colorbox-iframe\" href=\"https:\/\/www.google.com\/maps\/embed?pb=!1m14!1m8!1m3!1d14634.074585712748!2d-47.4606049!3d-23.5138413!3m2!1i1024!2i768!4f13.1!3m3!1m2!1s0x00xa45b8ef1532df178!2sSesc+Sorocaba!5e0!3m2!1spt-BR!2sbr!4v1498062244437\"><img decoding=\"async\" src=\"http:\/\/www.encontrasorocaba.com.br\/imgs\/maps-post.png\"><\/a>\n\n<div style=\"font-size: 0px; height: 0px; line-height: 0px; margin: 0; padding: 0; clear: both;\"><\/div>","protected":false},"excerpt":{"rendered":"<p>O Sesc Sorocaba foi inaugurado em 4 de dezembro de 2002, e possui setor de programa\u00e7\u00e3o e administra\u00e7\u00e3o e central de atendimento. O SESC (Servi\u00e7o Social do Com\u00e9rcio) \u00e9 uma institui\u00e7\u00e3o brasileira privada, mantida pelos empres\u00e1rios do com\u00e9rcio de bens, servi\u00e7os e turismo, com atua\u00e7\u00e3o em todo \u00e2mbito nacional, voltada para o bem-estar social dos seus empregados e familiares, por\u00e9m aberto \u00e0 comunidade em geral. Sesc Sorocaba Programa\u00e7\u00e3o O Sesc Sorocaba oferece uma programa\u00e7\u00e3o repleta de shows, pe\u00e7as de teatros, exposi\u00e7\u00f5es e eventos culturais.\u00a0 Os usu\u00e1rios podem se cadastrar no site clicando nesse link, conferir a programa\u00e7\u00e3o completa do Sesc <\/p>\n","protected":false},"author":1,"featured_media":0,"parent":0,"menu_order":0,"comment_status":"closed","ping_status":"closed","template":"","meta":{"footnotes":""},"class_list":["post-4052","page","type-page","status-publish","hentry"],"_links":{"self":[{"href":"https:\/\/www.encontrasorocaba.com.br\/sobre\/wp-json\/wp\/v2\/pages\/4052","targetHints":{"allow":["GET"]}}],"collection":[{"href":"https:\/\/www.encontrasorocaba.com.br\/sobre\/wp-json\/wp\/v2\/pages"}],"about":[{"href":"https:\/\/www.encontrasorocaba.com.br\/sobre\/wp-json\/wp\/v2\/types\/page"}],"author":[{"embeddable":true,"href":"https:\/\/www.encontrasorocaba.com.br\/sobre\/wp-json\/wp\/v2\/users\/1"}],"replies":[{"embeddable":true,"href":"https:\/\/www.encontrasorocaba.com.br\/sobre\/wp-json\/wp\/v2\/comments?post=4052"}],"version-history":[{"count":0,"href":"https:\/\/www.encontrasorocaba.com.br\/sobre\/wp-json\/wp\/v2\/pages\/4052\/revisions"}],"wp:attachment":[{"href":"https:\/\/www.encontrasorocaba.com.br\/sobre\/wp-json\/wp\/v2\/media?parent=4052"}],"curies":[{"name":"wp","href":"https:\/\/api.w.org\/{rel}","templated":true}]}}