{"id":4042,"date":"2017-05-29T19:02:10","date_gmt":"2017-05-29T19:02:10","guid":{"rendered":"http:\/\/www.encontrasorocaba.com.br\/noticias\/?page_id=4042"},"modified":"2019-05-15T19:34:41","modified_gmt":"2019-05-15T19:34:41","slug":"penitenciaria-danilo-pinheiro-sorocaba-1","status":"publish","type":"page","link":"https:\/\/www.encontrasorocaba.com.br\/sobre\/penitenciaria-danilo-pinheiro-sorocaba-1\/","title":{"rendered":"Penitenci\u00e1ria Danilo Pinheiro &#8211; Sorocaba 1"},"content":{"rendered":"<div class=\"bf54deaa11a4587a41abacdf5428af85\" data-index=\"1\" style=\"float: none; margin:0px;\">\n<!-- Anuncio display - global -->\r\n<ins class=\"adsbygoogle\"\r\n     style=\"display:block\"\r\n     data-ad-client=\"ca-pub-8585364105181520\"\r\n     data-ad-slot=\"8789329856\"\r\n     data-ad-format=\"auto\"\r\n     data-full-width-responsive=\"true\"><\/ins>\r\n<script>\r\n     (adsbygoogle = window.adsbygoogle || []).push({});\r\n<\/script>\n<\/div>\n<p>A Penitenci\u00e1ria Danilo Pinheiro &#8211; Sorocaba 1 \u00e9 mais uma unidade pertencente \u00e0 Coordenadoria da Regi\u00e3o Central.<br \/>\nSua capacidade \u00e9 de 140 detentos e sua popula\u00e7\u00e3o carcer\u00e1ria de 330 pessoas.<\/p>\n<p><img decoding=\"async\" src=\"http:\/\/www.encontrasorocaba.com.br\/imgs\/imagens-sorocaba\/penitenciaria-danilo-pinheiro-sorocaba.jpg\" alt=\"Penitenci\u00e1ria Danilo Pinheiro - Sorocaba 1\" \/><\/p>\n<p>Penitenci\u00e1ria Danilo Pinheiro &#8211; Sorocaba 1<br \/>\nEndere\u00e7o: Rua Doutor Altino Arantes, 622 \u2013 Cidade Sorocaba &#8211; SP<br \/>\nTelefone: (15) 3226-1611<\/p>\n\n<div style=\"font-size: 0px; height: 0px; line-height: 0px; margin: 0; padding: 0; clear: both;\"><\/div>","protected":false},"excerpt":{"rendered":"<p>A Penitenci\u00e1ria Danilo Pinheiro &#8211; Sorocaba 1 \u00e9 mais uma unidade pertencente \u00e0 Coordenadoria da Regi\u00e3o Central. Sua capacidade \u00e9 de 140 detentos e sua popula\u00e7\u00e3o carcer\u00e1ria de 330 pessoas. Penitenci\u00e1ria Danilo Pinheiro &#8211; Sorocaba 1 Endere\u00e7o: Rua Doutor Altino Arantes, 622 \u2013 Cidade Sorocaba &#8211; SP Telefone: (15) 3226-1611<\/p>\n","protected":false},"author":1,"featured_media":0,"parent":0,"menu_order":0,"comment_status":"closed","ping_status":"closed","template":"","meta":{"footnotes":""},"class_list":["post-4042","page","type-page","status-publish","hentry"],"_links":{"self":[{"href":"https:\/\/www.encontrasorocaba.com.br\/sobre\/wp-json\/wp\/v2\/pages\/4042","targetHints":{"allow":["GET"]}}],"collection":[{"href":"https:\/\/www.encontrasorocaba.com.br\/sobre\/wp-json\/wp\/v2\/pages"}],"about":[{"href":"https:\/\/www.encontrasorocaba.com.br\/sobre\/wp-json\/wp\/v2\/types\/page"}],"author":[{"embeddable":true,"href":"https:\/\/www.encontrasorocaba.com.br\/sobre\/wp-json\/wp\/v2\/users\/1"}],"replies":[{"embeddable":true,"href":"https:\/\/www.encontrasorocaba.com.br\/sobre\/wp-json\/wp\/v2\/comments?post=4042"}],"version-history":[{"count":0,"href":"https:\/\/www.encontrasorocaba.com.br\/sobre\/wp-json\/wp\/v2\/pages\/4042\/revisions"}],"wp:attachment":[{"href":"https:\/\/www.encontrasorocaba.com.br\/sobre\/wp-json\/wp\/v2\/media?parent=4042"}],"curies":[{"name":"wp","href":"https:\/\/api.w.org\/{rel}","templated":true}]}}