{"id":4030,"date":"2017-05-29T18:52:28","date_gmt":"2017-05-29T18:52:28","guid":{"rendered":"http:\/\/www.encontrasorocaba.com.br\/noticias\/?page_id=4030"},"modified":"2019-05-15T19:34:40","modified_gmt":"2019-05-15T19:34:40","slug":"parque-carlos-alberto-de-souza-em-sorocaba","status":"publish","type":"page","link":"https:\/\/www.encontrasorocaba.com.br\/sobre\/parque-carlos-alberto-de-souza-em-sorocaba\/","title":{"rendered":"Parque Carlos Alberto de Souza em Sorocaba"},"content":{"rendered":"<div class=\"bf54deaa11a4587a41abacdf5428af85\" data-index=\"1\" style=\"float: none; margin:0px;\">\n<!-- Anuncio display - global -->\r\n<ins class=\"adsbygoogle\"\r\n     style=\"display:block\"\r\n     data-ad-client=\"ca-pub-8585364105181520\"\r\n     data-ad-slot=\"8789329856\"\r\n     data-ad-format=\"auto\"\r\n     data-full-width-responsive=\"true\"><\/ins>\r\n<script>\r\n     (adsbygoogle = window.adsbygoogle || []).push({});\r\n<\/script>\n<\/div>\n<p>O <strong>Parque Carlos Alberto de Souza<\/strong> projetado numa \u00e1rea de bacia de conten\u00e7\u00e3o, \u00e9 um dos belos cart\u00f5es-postais da cidade.<\/p>\n<p>Oferece ao visitante uma ampla \u00e1rea de lazer com 3 percursos diferentes, todos com placas de demarca\u00e7\u00e3o, para a pr\u00e1tica de caminhadas, seja em pista de saibro ou de cimento.<\/p>\n<p><img loading=\"lazy\" decoding=\"async\" class=\"alignnone wp-image-4741 size-full\" title=\"Parque Carlos Alberto de Souza em Sorocaba\" src=\"http:\/\/www.encontrasorocaba.com.br\/sobre\/wp-content\/uploads\/parque-carlos.jpg\" alt=\"Parque Carlos Alberto de Souza em Sorocaba\" width=\"680\" height=\"189\" srcset=\"https:\/\/www.encontrasorocaba.com.br\/sobre\/wp-content\/uploads\/parque-carlos.jpg 680w, https:\/\/www.encontrasorocaba.com.br\/sobre\/wp-content\/uploads\/parque-carlos-300x83.jpg 300w\" sizes=\"auto, (max-width: 680px) 100vw, 680px\" \/><\/p>\n<p>Al\u00e9m das pistas de caminhada o parque conta com uma ilha de alongamento, equipado com v\u00e1rios equipamentos de exerc\u00edcios e placas de orienta\u00e7\u00e3o para a realiza\u00e7\u00e3o dos mesmos. Ao redor do parque est\u00e3o instalados finos restaurantes, sorveterias, boates e casas de sucos.<em><br \/>\n<\/em><\/p>\n<p>O Parque Carlos Alberto de Souza em Sorocaba esta localizado no <a href=\"http:\/\/www.encontrasorocaba.com.br\/sobre\/bairro-campolim-sorocaba\/\">Bairro Campolim em Sorocaba<\/a>. O <strong>Parque Campolim<\/strong>, como tamb\u00e9m \u00e9 conhecido foi projetado em uma \u00e1rea de bacia de conten\u00e7\u00e3o, \u00e9 um dos belos cart\u00f5es-postais da cidade.<\/p>\n<h2>Programa\u00e7\u00e3o Parque Campolim<\/h2>\n<p>O Parque Campolim recebe shows e eventos durante todo o ano. A Prefeitura e a Secretaria de Cultura utilizam o parque para oferecer aos moradores e visitantes uma programa\u00e7\u00e3o divertida e gratuita.<\/p>\n<p>Para consultar a programa\u00e7\u00e3o acesse o site da <a href=\"http:\/\/www.encontrasorocaba.com.br\/sobre\/prefeitura-de-sorocaba\/\">Prefeitura de Sorocaba<\/a>.<em><br \/>\n<\/em><\/p>\n<h3>Hor\u00e1rio de Funcionamento Parque Campolim em Sorocaba<\/h3>\n<ul>\n<li>24 horas<\/li>\n<\/ul>\n<h3>Endere\u00e7o e Telefone Parque Carlos Alberto de Souza em Sorocaba<\/h3>\n<ul>\n<li>Avenida Ant\u00f4nio Carlos C\u00f4mitre, s\/n &#8211;\u00a0 Campolim &#8211; Cidade Sorocaba &#8211; SP<\/li>\n<li>Telefone: (15) 9.9707-2635<\/li>\n<\/ul>\n<h4>Mapa de localiza\u00e7\u00e3o:<\/h4>\n<a class=\"wp-colorbox-iframe\" href=\"https:\/\/www.google.com\/maps\/embed?pb=!1m14!1m8!1m3!1d7316.704410658563!2d-47.47220274343872!3d-23.519831440689394!3m2!1i1024!2i768!4f13.1!3m3!1m2!1s0x00xf8a321792f2704e!2sParque+Carlos+Alberto+de+Souza!5e0!3m2!1spt-BR!2sbr!4v1498573988245\"><img decoding=\"async\" src=\"http:\/\/www.encontrasorocaba.com.br\/imgs\/maps-post.png\"><\/a>\n\n<div style=\"font-size: 0px; height: 0px; line-height: 0px; margin: 0; padding: 0; clear: both;\"><\/div>","protected":false},"excerpt":{"rendered":"<p>O Parque Carlos Alberto de Souza projetado numa \u00e1rea de bacia de conten\u00e7\u00e3o, \u00e9 um dos belos cart\u00f5es-postais da cidade. Oferece ao visitante uma ampla \u00e1rea de lazer com 3 percursos diferentes, todos com placas de demarca\u00e7\u00e3o, para a pr\u00e1tica de caminhadas, seja em pista de saibro ou de cimento. Al\u00e9m das pistas de caminhada o parque conta com uma ilha de alongamento, equipado com v\u00e1rios equipamentos de exerc\u00edcios e placas de orienta\u00e7\u00e3o para a realiza\u00e7\u00e3o dos mesmos. Ao redor do parque est\u00e3o instalados finos restaurantes, sorveterias, boates e casas de sucos. O Parque Carlos Alberto de Souza em Sorocaba <\/p>\n","protected":false},"author":1,"featured_media":4741,"parent":0,"menu_order":0,"comment_status":"closed","ping_status":"closed","template":"","meta":{"footnotes":""},"class_list":["post-4030","page","type-page","status-publish","has-post-thumbnail","hentry","has_thumb"],"_links":{"self":[{"href":"https:\/\/www.encontrasorocaba.com.br\/sobre\/wp-json\/wp\/v2\/pages\/4030","targetHints":{"allow":["GET"]}}],"collection":[{"href":"https:\/\/www.encontrasorocaba.com.br\/sobre\/wp-json\/wp\/v2\/pages"}],"about":[{"href":"https:\/\/www.encontrasorocaba.com.br\/sobre\/wp-json\/wp\/v2\/types\/page"}],"author":[{"embeddable":true,"href":"https:\/\/www.encontrasorocaba.com.br\/sobre\/wp-json\/wp\/v2\/users\/1"}],"replies":[{"embeddable":true,"href":"https:\/\/www.encontrasorocaba.com.br\/sobre\/wp-json\/wp\/v2\/comments?post=4030"}],"version-history":[{"count":0,"href":"https:\/\/www.encontrasorocaba.com.br\/sobre\/wp-json\/wp\/v2\/pages\/4030\/revisions"}],"wp:featuredmedia":[{"embeddable":true,"href":"https:\/\/www.encontrasorocaba.com.br\/sobre\/wp-json\/wp\/v2\/media\/4741"}],"wp:attachment":[{"href":"https:\/\/www.encontrasorocaba.com.br\/sobre\/wp-json\/wp\/v2\/media?parent=4030"}],"curies":[{"name":"wp","href":"https:\/\/api.w.org\/{rel}","templated":true}]}}