{"id":4024,"date":"2017-05-29T18:49:10","date_gmt":"2017-05-29T18:49:10","guid":{"rendered":"http:\/\/www.encontrasorocaba.com.br\/noticias\/?page_id=4024"},"modified":"2019-05-15T19:34:40","modified_gmt":"2019-05-15T19:34:40","slug":"oficina-cultural-grande-otelo-em-sorocaba","status":"publish","type":"page","link":"https:\/\/www.encontrasorocaba.com.br\/sobre\/oficina-cultural-grande-otelo-em-sorocaba\/","title":{"rendered":"Oficina Cultural Grande Otelo em Sorocaba"},"content":{"rendered":"<div class=\"bf54deaa11a4587a41abacdf5428af85\" data-index=\"1\" style=\"float: none; margin:0px;\">\n<!-- Anuncio display - global -->\r\n<ins class=\"adsbygoogle\"\r\n     style=\"display:block\"\r\n     data-ad-client=\"ca-pub-8585364105181520\"\r\n     data-ad-slot=\"8789329856\"\r\n     data-ad-format=\"auto\"\r\n     data-full-width-responsive=\"true\"><\/ins>\r\n<script>\r\n     (adsbygoogle = window.adsbygoogle || []).push({});\r\n<\/script>\n<\/div>\n<p>As Oficinas Culturais do Estado de S\u00e3o Paulo s\u00e3o espa\u00e7os culturais do Governo de S\u00e3o Paulo administrados em parceria com a Poiesis \u2013 Instituto de Apoio \u00e0 Cultura, L\u00edngua e Literatura.<\/p>\n<p>A <strong>Oficina Cultural Grande Otelo em Sorocaba<\/strong> est\u00e1 instalada no antigo pr\u00e9dio do F\u00f3rum Municipal e foi inaugurada em abril de 1994.<\/p>\n<p><img loading=\"lazy\" decoding=\"async\" class=\"alignnone wp-image-5753 size-full\" title=\"Oficina Cultural Grande Otelo em Sorocaba\" src=\"http:\/\/www.encontrasorocaba.com.br\/sobre\/wp-content\/uploads\/oficina-cultural-grande-otelo.jpg\" alt=\"Oficina Cultural Grande Otelo em Sorocaba\" width=\"680\" height=\"189\" srcset=\"https:\/\/www.encontrasorocaba.com.br\/sobre\/wp-content\/uploads\/oficina-cultural-grande-otelo.jpg 680w, https:\/\/www.encontrasorocaba.com.br\/sobre\/wp-content\/uploads\/oficina-cultural-grande-otelo-300x83.jpg 300w\" sizes=\"auto, (max-width: 680px) 100vw, 680px\" \/><\/p>\n<p>A oficina leva o nome do ator c\u00f4mico Grande Otelo (Sebasti\u00e3o Bernardes de Souza Prata), famoso pela parceria com Oscarito na \u00e9poca de ouro das chanchadas.<\/p>\n<h2>Programa\u00e7\u00e3o Oficina Cultural Grande Otelo em Sorocaba<\/h2>\n<p>Em poucos anos, a <em>Oficina Grande Otelo<\/em> transformou-se em refer\u00eancia fundamental para a cultura de Sorocaba e regi\u00e3o, alguns de seus projetos especiais, como festivais Curta Teatro e Curta Dan\u00e7a, ganharam uma dimens\u00e3o nacional.<\/p>\n<p>Sua programa\u00e7\u00e3o \u00e9 diversificada e contempla todas as faixas et\u00e1rias. Para conferir a programa\u00e7\u00e3o e os eventos acesse o site (confira logo abaixo)<\/p>\n<h3>Hor\u00e1rio de Funcionamento Oficina Cultural Grande Otelo em Sorocaba<\/h3>\n<ul>\n<li><span class=\"js-editable\" data-edit=\"horario\" data-original-title=\"Hor\u00e1rio de Funcionamento\" data-emptytext=\"Insira o hor\u00e1rio de abertura e fechamento\">De ter\u00e7a a sexta-feira das 13h \u00e0s 22h e S\u00e1bados das 9h \u00e0s 18h<\/span><\/li>\n<\/ul>\n<h3>Endere\u00e7o e Telefone Oficina Cultural Grande Otelo em Sorocaba<\/h3>\n<ul>\n<li><span class=\"_Xbe\">Pra\u00e7a Frei Bara\u00fana &#8211; Centro, Sorocaba &#8211; SP &#8211; CEP: 18035-170<\/span><\/li>\n<li>Telefone: (15) 3224-3377<\/li>\n<\/ul>\n<h4>Outras informa\u00e7\u00f5es e site<\/h4>\n<ul>\n<li>Mais informa\u00e7\u00f5es: <a href=\"http:\/\/www.oficinasculturais.org.br\/grande-otelo\" target=\"_blank\" rel=\"noopener noreferrer\">www.oficinasculturais.org.br\/grande-otelo<\/a><\/li>\n<li>E-mail: grandeotelo@oficinasculturais.org.br<\/li>\n<\/ul>\n<h4>Mapa de localiza\u00e7\u00e3o<\/h4>\n<a class=\"wp-colorbox-iframe\" href=\"https:\/\/www.google.com\/maps\/embed?pb=!1m14!1m8!1m3!1d14635.256901132134!2d-47.460785!3d-23.5032!3m2!1i1024!2i768!4f13.1!3m3!1m2!1s0x00x28ff1202daec9f5b!2sOficina+Cultural+Grande+Otelo!5e0!3m2!1spt-BR!2sbr!4v1501597300117\"><img decoding=\"async\" src=\"http:\/\/www.encontrasorocaba.com.br\/imgs\/maps-post.png\"><\/a>\n\n<div style=\"font-size: 0px; height: 0px; line-height: 0px; margin: 0; padding: 0; clear: both;\"><\/div>","protected":false},"excerpt":{"rendered":"<p>As Oficinas Culturais do Estado de S\u00e3o Paulo s\u00e3o espa\u00e7os culturais do Governo de S\u00e3o Paulo administrados em parceria com a Poiesis \u2013 Instituto de Apoio \u00e0 Cultura, L\u00edngua e Literatura. A Oficina Cultural Grande Otelo em Sorocaba est\u00e1 instalada no antigo pr\u00e9dio do F\u00f3rum Municipal e foi inaugurada em abril de 1994. A oficina leva o nome do ator c\u00f4mico Grande Otelo (Sebasti\u00e3o Bernardes de Souza Prata), famoso pela parceria com Oscarito na \u00e9poca de ouro das chanchadas. Programa\u00e7\u00e3o Oficina Cultural Grande Otelo em Sorocaba Em poucos anos, a Oficina Grande Otelo transformou-se em refer\u00eancia fundamental para a cultura <\/p>\n","protected":false},"author":1,"featured_media":0,"parent":0,"menu_order":0,"comment_status":"closed","ping_status":"closed","template":"","meta":{"footnotes":""},"class_list":["post-4024","page","type-page","status-publish","hentry"],"_links":{"self":[{"href":"https:\/\/www.encontrasorocaba.com.br\/sobre\/wp-json\/wp\/v2\/pages\/4024","targetHints":{"allow":["GET"]}}],"collection":[{"href":"https:\/\/www.encontrasorocaba.com.br\/sobre\/wp-json\/wp\/v2\/pages"}],"about":[{"href":"https:\/\/www.encontrasorocaba.com.br\/sobre\/wp-json\/wp\/v2\/types\/page"}],"author":[{"embeddable":true,"href":"https:\/\/www.encontrasorocaba.com.br\/sobre\/wp-json\/wp\/v2\/users\/1"}],"replies":[{"embeddable":true,"href":"https:\/\/www.encontrasorocaba.com.br\/sobre\/wp-json\/wp\/v2\/comments?post=4024"}],"version-history":[{"count":0,"href":"https:\/\/www.encontrasorocaba.com.br\/sobre\/wp-json\/wp\/v2\/pages\/4024\/revisions"}],"wp:attachment":[{"href":"https:\/\/www.encontrasorocaba.com.br\/sobre\/wp-json\/wp\/v2\/media?parent=4024"}],"curies":[{"name":"wp","href":"https:\/\/api.w.org\/{rel}","templated":true}]}}