{"id":3953,"date":"2017-05-29T14:59:31","date_gmt":"2017-05-29T14:59:31","guid":{"rendered":"http:\/\/www.encontrasorocaba.com.br\/noticias\/?page_id=3953"},"modified":"2025-10-03T17:12:50","modified_gmt":"2025-10-03T20:12:50","slug":"sobre-sorocaba","status":"publish","type":"page","link":"https:\/\/www.encontrasorocaba.com.br\/sobre\/","title":{"rendered":"Sobre Sorocaba"},"content":{"rendered":"<div class=\"bf54deaa11a4587a41abacdf5428af85\" data-index=\"1\" style=\"float: none; margin:0px;\">\n<!-- Anuncio display - global -->\r\n<ins class=\"adsbygoogle\"\r\n     style=\"display:block\"\r\n     data-ad-client=\"ca-pub-8585364105181520\"\r\n     data-ad-slot=\"8789329856\"\r\n     data-ad-format=\"auto\"\r\n     data-full-width-responsive=\"true\"><\/ins>\r\n<script>\r\n     (adsbygoogle = window.adsbygoogle || []).push({});\r\n<\/script>\n<\/div>\n<h2>Cidades de SP: Limites &#8211; Cidades Vizinhas<\/h2>\n<p><a title=\"Porto Feliz\" href=\"https:\/\/www.encontrasp.com.br\/porto-feliz\" target=\"_blank\" rel=\"noopener noreferrer\">Porto Feliz<\/a>, <a title=\"Votorantim\" href=\"https:\/\/www.encontravotorantim.com.br\/\" target=\"_blank\" rel=\"noopener noreferrer\">Votorantim<\/a>, Mairinque, <a title=\"Itu\" href=\"https:\/\/www.encontraitu.com.br\/\" target=\"_blank\" rel=\"noopener noreferrer\">Itu<\/a>, Ara\u00e7oiaba da Serra, Salto de Pirapora, Iper\u00f3, Alum\u00ednio, Capela do Alto, Boituva, <a title=\"Piedade\" href=\"https:\/\/www.encontrasp.com.br\/piedade\" target=\"_blank\" rel=\"noopener noreferrer\">Piedade<\/a>, <a title=\"Ibi\u00fana\" href=\"https:\/\/www.encontraibiuna.com.br\/\" target=\"_blank\" rel=\"noopener noreferrer\">Ibi\u00fana<\/a>, <a title=\"Cabre\u00fava\" href=\"https:\/\/www.encontrasp.com.br\/cabreuva\" target=\"_blank\" rel=\"noopener noreferrer\">Cabre\u00fava<\/a> e <a title=\"Tatu\u00ed\" href=\"https:\/\/www.encontratatui.com.br\/\" target=\"_blank\" rel=\"noopener noreferrer\">Tatu\u00ed<\/a>. \u00c9 uma das cidades cortadas ela <a title=\"Rodovia Raposo Tavares\" href=\"https:\/\/www.rodoviaraposotavares.com.br\/\">Rodovia Raposo Tavares<\/a><\/p>\n<h4>Dados Principais sobre Sorocaba<\/h4>\n<p>Anivers\u00e1rio: 15 de agosto<br \/>\nFunda\u00e7\u00e3o: 1654<br \/>\nGent\u00edlico: Sorocabano<br \/>\nArea: 449.122 Km\u00b2<br \/>\nPopula\u00e7\u00e3o: 644.919 hab. (2015)<br \/>\nIDH 0,828 &#8211; elevado<br \/>\nPrefeitura Sorocaba<\/p>\n<h2>Hist\u00f3ria de Sorocaba<\/h2>\n<p><img loading=\"lazy\" decoding=\"async\" class=\"alignnone size-full wp-image-3954\" src=\"https:\/\/www.encontrasorocaba.com.br\/sobre\/wp-content\/uploads\/cidade-de-sorocaba.jpg\" alt=\"\" width=\"565\" height=\"198\" srcset=\"https:\/\/www.encontrasorocaba.com.br\/sobre\/wp-content\/uploads\/cidade-de-sorocaba.jpg 565w, https:\/\/www.encontrasorocaba.com.br\/sobre\/wp-content\/uploads\/cidade-de-sorocaba-300x105.jpg 300w\" sizes=\"auto, (max-width: 565px) 100vw, 565px\" \/><\/p>\n<p><strong>Sorocaba<\/strong> \u00e9 um munic\u00edpio brasileiro localizado no interior do estado de S\u00e3o Paulo. A metr\u00f3pole brasileira, considerada cidade grande, \u00e9 a quarta mais populosa do interior de S\u00e3o Paulo (atr\u00e1s de Campinas, S\u00e3o Jos\u00e9 dos Campos e Ribeir\u00e3o Preto), com uma popula\u00e7\u00e3o estimada em 584.313 habitantes \u00e9 uma capital regional, por\u00e9m a microrregi\u00e3o de Sorocaba conta com 14 munic\u00edpios, somando mais de 1,5 milh\u00e3o de habitantes. Possui uma \u00e1rea de 456,0 km\u00b2, sendo 349,2 km\u00b2 de \u00e1rea urbana e 106,8 km\u00b2 de \u00e1rea rural.<\/p>\n<p>Proporcional \u00e0 popula\u00e7\u00e3o, o munic\u00edpio \u00e9 o menos violento do interior, devido \u00e0 grande atua\u00e7\u00e3o da Pol\u00edcia Militar, Civil e Municipal, principalmente entre 2000 e 2002, que combateu com intensidade a viol\u00eancia, a explora\u00e7\u00e3o do trabalho infantil e o tr\u00e1fico de drogas.<\/p>\n<p>Ao longo dos \u00faltimos 12 anos a cidade vem passando por diversos projetos de urbaniza\u00e7\u00e3o, tornando-se hoje uma das 10 cidades mais bonitas do estado de S\u00e3o Paulo. A <a title=\"Cidade Sorocaba\" href=\"https:\/\/www.encontrasorocaba.com.br\/\" target=\"_blank\" rel=\"noopener noreferrer\">Cidade Sorocaba<\/a> recebeu urbaniza\u00e7\u00e3o de ruas e avenidas, se preparando para o tr\u00e1fego intenso pelo qual recebe diariamente, principalmente ve\u00edculos de outras cidades (microrregi\u00e3o de Sorocaba) atrav\u00e9s das rodovias <a title=\"Rodovia Castelo Branco\" href=\"https:\/\/www.rodoviacastelobranco.com.br\/\" target=\"_blank\" rel=\"noopener noreferrer\">Castelo Branco<\/a> (SP-280) e Raposo Tavares (SP-270).<\/p>\n<p>A cidade conta com 60 quil\u00f4metros de ciclovias criadas nas avenidas principais da cidade, sendo poss\u00edvel atravess\u00e1-la somente utilizando-se bicicletas como meio de transporte. O planejamento do munic\u00edpio prev\u00ea a constru\u00e7\u00e3o da maior rede ciclovi\u00e1ria da Am\u00e9rica Latina nos pr\u00f3ximos anos e a implanta\u00e7\u00e3o de um sistema de bicicletas p\u00fablicas, semelhantes ao das cidades europeias de Barcelona e Paris.<\/p>\n<p>Atualmente, \u00e9 a segunda maior malha ciclovi\u00e1ria do Brasil, atr\u00e1s apenas do Rio de Janeiro.<\/p>\n<p>\u00c9 o oitavo munic\u00edpio brasileiro e o quarto mercado consumidor do estado fora da Regi\u00e3o Metropolitana da capital, com um potencial de consumo per capita anual estimado em 2,4 mil d\u00f3lares para a popula\u00e7\u00e3o urbana e 917 d\u00f3lares para a rural (7,2 mil pessoas), e a vig\u00e9sima nona cidade brasileira com maior potencial de consumo. Ainda, \u00e9 a 4\u00aa maior cidade paulista a receber novos investimentos e uma das maiores do Pa\u00eds, figurando na lista das 30 cidades que mais geram empregos no Brasil.<\/p>\n<h3>Economia<\/h3>\n<p><a href=\"https:\/\/www.encontrasorocaba.com.br\/\" target=\"_blank\" rel=\"noopener noreferrer\">Sorocaba<\/a> registra hoje uma diversifica\u00e7\u00e3o econ\u00f4mica raramente vista em outros munic\u00edpios brasileiros. Sorocaba \u00e9 a quinta cidade em desenvolvimento econ\u00f4mico do Estado, com investimentos da ordem de 3,5 bilh\u00f5es de d\u00f3lares, com cinco bilh\u00f5es de d\u00f3lares de Produto Interno Bruto (PIB). Suas ind\u00fastrias exportam para mais de 115 pa\u00edses gerando impostos da ordem de 370 milh\u00f5es de d\u00f3lares por ano. Existe (em 2006) em Sorocaba cerca de 1.700 ind\u00fastrias instaladas, 15.300 pontos de com\u00e9rcio, 9.900 prestadores de servi\u00e7o e 25 mil trabalhadores aut\u00f4nomos. Localizada num regi\u00e3o privilegiada, pr\u00f3xima a vias de acesso rodovi\u00e1rio e hidrovi\u00e1rio que a ligam aos grandes centros de consumo e levam na dire\u00e7\u00e3o dos demais pa\u00edses do Mercosul (Argentina, Uruguai e Paraguai), Sorocaba oferece atrativo adicional \u00e0s empresas: uma estrutura de qualifica\u00e7\u00e3o de m\u00e3o-de-obra que cobre com qualidade o n\u00edvel operacional.<\/p>\n<p>Sorocaba faz parte do Complexo Metropolitano Estendido da cidade de S\u00e3o Paulo, que \u00e9 formado pelas regi\u00f5es metropolitanas de S\u00e3o Paulo, Campinas e da Baixada Santista, e pelas cidades de S\u00e3o Jos\u00e9 dos Campos, Sorocaba e <a title=\"Jundia\u00ed\" href=\"https:\/\/www.encontrajundiai.com.br\/\" target=\"_blank\" rel=\"noopener noreferrer\">Jundia\u00ed<\/a>, e cuja a popula\u00e7\u00e3o somada utrapassa os 31 milh\u00f5es de habitantes. Nos \u00faltimos anos Sorocaba ultrapassou <a title=\"Ribeir\u00e3o Preto\" href=\"https:\/\/www.encontraribeiraopreto.com.br\/\" target=\"_blank\" rel=\"noopener noreferrer\">Ribeir\u00e3o Preto<\/a> em n\u00famero de habitantes e atualmente \u00e9 a terceira maior cidade do interior do estado de S\u00e3o Paulo, superada apenas por <a title=\"Campinas\" href=\"https:\/\/www.encontracampinas.com.br\/\" target=\"_blank\" rel=\"noopener noreferrer\">Campinas<\/a> e <a title=\"S\u00e3o Jos\u00e9 dos Campos\" href=\"https:\/\/www.encontrasaojosedoscampos.com.br\/\" target=\"_blank\" rel=\"noopener noreferrer\">S\u00e3o Jos\u00e9 dos Campos<\/a>.<\/p>\n<p>A cidade possui diversos programas e organiza\u00e7\u00f5es n\u00e3o governamentais que combatem a mis\u00e9ria e a pobreza, al\u00e9m do grande incentivo da <a href=\"https:\/\/www.prefeituradesorocaba.org\/\" target=\"_blank\" rel=\"noopener noreferrer\">Prefeitura de Sorocaba<\/a>, consequentemente as avenidas e ruas s\u00e3o pouco usadas por mendigos ou pedintes como fonte de renda e sobreviv\u00eancia.<\/p>\n<p>Por isso, atualmente, Sorocaba oferece grande qualidade de vida aos sorocabanos, que vivem numa cidade arborizada, com in\u00fameras pra\u00e7as e pontos tur\u00edsticos ativos e restaurados, ruas e avenidas possuem sinaliza\u00e7\u00e3o, tornando f\u00e1cil o acesso a turistas e moradores da microrregi\u00e3o de Sorocaba, o tr\u00e1fego intenso \u00e9 atendido pela urbaniza\u00e7\u00e3o vigente, a viol\u00eancia \u00e9 controlada e ativa e a pobreza n\u00e3o \u00e9 vis\u00edvel.<\/p>\n<p>Para homenagear a comunidade de moradores desta maravilhosa cidade, o <a title=\"Encontra S\u00e3o Paulo\" href=\"https:\/\/www.encontrasaopaulo.com.br\/\" target=\"_blank\" rel=\"noopener noreferrer\">Encontra S\u00e3o Paulo<\/a> criou o <a title=\"Encontra Sorocaba\" href=\"https:\/\/www.encontrasorocaba.com.br\/\" target=\"_blank\" rel=\"noopener noreferrer\">Encontra Sorocaba<\/a>.<\/p>\n\n<div style=\"font-size: 0px; height: 0px; line-height: 0px; margin: 0; padding: 0; clear: both;\"><\/div>","protected":false},"excerpt":{"rendered":"<p>Cidades de SP: Limites &#8211; Cidades Vizinhas Porto Feliz, Votorantim, Mairinque, Itu, Ara\u00e7oiaba da Serra, Salto de Pirapora, Iper\u00f3, Alum\u00ednio, Capela do Alto, Boituva, Piedade, Ibi\u00fana, Cabre\u00fava e Tatu\u00ed. \u00c9 uma das cidades cortadas ela Rodovia Raposo Tavares Dados Principais sobre Sorocaba Anivers\u00e1rio: 15 de agosto Funda\u00e7\u00e3o: 1654 Gent\u00edlico: Sorocabano Area: 449.122 Km\u00b2 Popula\u00e7\u00e3o: 644.919 hab. (2015) IDH 0,828 &#8211; elevado Prefeitura Sorocaba Hist\u00f3ria de Sorocaba Sorocaba \u00e9 um munic\u00edpio brasileiro localizado no interior do estado de S\u00e3o Paulo. A metr\u00f3pole brasileira, considerada cidade grande, \u00e9 a quarta mais populosa do interior de S\u00e3o Paulo (atr\u00e1s de Campinas, S\u00e3o Jos\u00e9 <\/p>\n","protected":false},"author":1,"featured_media":0,"parent":0,"menu_order":0,"comment_status":"closed","ping_status":"closed","template":"","meta":{"footnotes":""},"class_list":["post-3953","page","type-page","status-publish","hentry"],"_links":{"self":[{"href":"https:\/\/www.encontrasorocaba.com.br\/sobre\/wp-json\/wp\/v2\/pages\/3953","targetHints":{"allow":["GET"]}}],"collection":[{"href":"https:\/\/www.encontrasorocaba.com.br\/sobre\/wp-json\/wp\/v2\/pages"}],"about":[{"href":"https:\/\/www.encontrasorocaba.com.br\/sobre\/wp-json\/wp\/v2\/types\/page"}],"author":[{"embeddable":true,"href":"https:\/\/www.encontrasorocaba.com.br\/sobre\/wp-json\/wp\/v2\/users\/1"}],"replies":[{"embeddable":true,"href":"https:\/\/www.encontrasorocaba.com.br\/sobre\/wp-json\/wp\/v2\/comments?post=3953"}],"version-history":[{"count":0,"href":"https:\/\/www.encontrasorocaba.com.br\/sobre\/wp-json\/wp\/v2\/pages\/3953\/revisions"}],"wp:attachment":[{"href":"https:\/\/www.encontrasorocaba.com.br\/sobre\/wp-json\/wp\/v2\/media?parent=3953"}],"curies":[{"name":"wp","href":"https:\/\/api.w.org\/{rel}","templated":true}]}}